{"id":4869,"date":"2025-11-18T21:27:28","date_gmt":"2025-11-19T03:27:28","guid":{"rendered":"https:\/\/www.musclenutrition.com.mx\/?post_type=product&#038;p=4869"},"modified":"2026-03-27T18:20:33","modified_gmt":"2026-03-28T00:20:33","slug":"insane-labz-l-citrulline","status":"publish","type":"product","link":"https:\/\/www.musclenutrition.com.mx\/index.php\/producto\/insane-labz-l-citrulline\/","title":{"rendered":"INSANE LABZ L CITRULLINE"},"content":{"rendered":"<p>La L-Citrulline de la marca Insane Labz es un componente aislado que pertenece a la rama de amino\u00e1cidos no proteicos, es decir que no colaboran en la s\u00edntesis de prote\u00ednas, pero s\u00ed se destaca\u00a0 como precursor de arginina y \u00f3xido n\u00edtrico, por lo que toma responsabilidad como vasodilatador sangu\u00edneo. Su toma puede mejorar la oxigenaci\u00f3n de los tejidos y la optimizaci\u00f3n del esfuerzo. Una vez que es metabolizado en la sangre, llega a los ri\u00f1ones para transformarse en arginina.<\/p>\n","protected":false},"excerpt":{"rendered":"<p>La L-Citrulline de la marca Insane Labz es un componente aislado que pertenece a la rama de amino\u00e1cidos no proteicos, es decir que no colaboran en la s\u00edntesis de prote\u00ednas, pero s\u00ed se destaca\u00a0 como precursor de arginina y \u00f3xido n\u00edtrico, por lo que toma responsabilidad como vasodilatador sangu\u00edneo. Su toma puede mejorar la oxigenaci\u00f3n &hellip;<\/p>\n<p class=\"read-more\"> <a class=\"\" href=\"https:\/\/www.musclenutrition.com.mx\/index.php\/producto\/insane-labz-l-citrulline\/\"> <span class=\"screen-reader-text\">INSANE LABZ L CITRULLINE<\/span> Leer m\u00e1s &raquo;<\/a><\/p>\n","protected":false},"featured_media":4870,"comment_status":"open","ping_status":"closed","template":"","meta":{"_uag_custom_page_level_css":"","site-sidebar-layout":"default","site-content-layout":"default","ast-global-header-display":"","ast-banner-title-visibility":"","ast-main-header-display":"","ast-hfb-above-header-display":"","ast-hfb-below-header-display":"","ast-hfb-mobile-header-display":"","site-post-title":"","ast-breadcrumbs-content":"","ast-featured-img":"","footer-sml-layout":"","theme-transparent-header-meta":"default","adv-header-id-meta":"","stick-header-meta":"","header-above-stick-meta":"","header-main-stick-meta":"","header-below-stick-meta":""},"product_brand":[],"product_cat":[33],"product_tag":[],"class_list":{"0":"post-4869","1":"product","2":"type-product","3":"status-publish","4":"has-post-thumbnail","6":"product_cat-aminoacidos","7":"desktop-align-left","8":"tablet-align-left","9":"mobile-align-left","11":"first","12":"instock","13":"shipping-taxable","14":"purchasable","15":"product-type-simple"},"ams_default_variation_id":0,"ams_product_points_reward":[],"ams_product_discount_percentage":0,"ams_price_to_display":350,"ams_acf":[],"uagb_featured_image_src":{"full":["https:\/\/www.musclenutrition.com.mx\/wp-content\/uploads\/2025\/11\/L-Citrulline-60-Serv.jpg",1080,1080,false],"thumbnail":["https:\/\/www.musclenutrition.com.mx\/wp-content\/uploads\/2025\/11\/L-Citrulline-60-Serv-150x150.jpg",150,150,true],"medium":["https:\/\/www.musclenutrition.com.mx\/wp-content\/uploads\/2025\/11\/L-Citrulline-60-Serv-300x300.jpg",300,300,true],"medium_large":["https:\/\/www.musclenutrition.com.mx\/wp-content\/uploads\/2025\/11\/L-Citrulline-60-Serv-768x768.jpg",768,768,true],"large":["https:\/\/www.musclenutrition.com.mx\/wp-content\/uploads\/2025\/11\/L-Citrulline-60-Serv-1024x1024.jpg",1024,1024,true],"1536x1536":["https:\/\/www.musclenutrition.com.mx\/wp-content\/uploads\/2025\/11\/L-Citrulline-60-Serv.jpg",1080,1080,false],"2048x2048":["https:\/\/www.musclenutrition.com.mx\/wp-content\/uploads\/2025\/11\/L-Citrulline-60-Serv.jpg",1080,1080,false],"woocommerce_thumbnail":["https:\/\/www.musclenutrition.com.mx\/wp-content\/uploads\/2025\/11\/L-Citrulline-60-Serv-300x300.jpg",300,300,true],"woocommerce_single":["https:\/\/www.musclenutrition.com.mx\/wp-content\/uploads\/2025\/11\/L-Citrulline-60-Serv-600x600.jpg",600,600,true],"woocommerce_gallery_thumbnail":["https:\/\/www.musclenutrition.com.mx\/wp-content\/uploads\/2025\/11\/L-Citrulline-60-Serv-100x100.jpg",100,100,true],"dgwt-wcas-product-suggestion":["https:\/\/www.musclenutrition.com.mx\/wp-content\/uploads\/2025\/11\/L-Citrulline-60-Serv-64x64.jpg",64,64,true]},"uagb_author_info":{"display_name":"ventas reynosa","author_link":"https:\/\/www.musclenutrition.com.mx\/index.php\/author\/"},"uagb_comment_info":0,"uagb_excerpt":"La L-Citrulline de la marca Insane Labz es un componente aislado que pertenece a la rama de amino\u00e1cidos no proteicos, es decir que no colaboran en la s\u00edntesis de prote\u00ednas, pero s\u00ed se destaca\u00a0 como precursor de arginina y \u00f3xido n\u00edtrico, por lo que toma responsabilidad como vasodilatador sangu\u00edneo. Su toma puede mejorar la oxigenaci\u00f3n&hellip;","_links":{"self":[{"href":"https:\/\/www.musclenutrition.com.mx\/index.php\/wp-json\/wp\/v2\/product\/4869","targetHints":{"allow":["GET"]}}],"collection":[{"href":"https:\/\/www.musclenutrition.com.mx\/index.php\/wp-json\/wp\/v2\/product"}],"about":[{"href":"https:\/\/www.musclenutrition.com.mx\/index.php\/wp-json\/wp\/v2\/types\/product"}],"replies":[{"embeddable":true,"href":"https:\/\/www.musclenutrition.com.mx\/index.php\/wp-json\/wp\/v2\/comments?post=4869"}],"wp:featuredmedia":[{"embeddable":true,"href":"https:\/\/www.musclenutrition.com.mx\/index.php\/wp-json\/wp\/v2\/media\/4870"}],"wp:attachment":[{"href":"https:\/\/www.musclenutrition.com.mx\/index.php\/wp-json\/wp\/v2\/media?parent=4869"}],"wp:term":[{"taxonomy":"product_brand","embeddable":true,"href":"https:\/\/www.musclenutrition.com.mx\/index.php\/wp-json\/wp\/v2\/product_brand?post=4869"},{"taxonomy":"product_cat","embeddable":true,"href":"https:\/\/www.musclenutrition.com.mx\/index.php\/wp-json\/wp\/v2\/product_cat?post=4869"},{"taxonomy":"product_tag","embeddable":true,"href":"https:\/\/www.musclenutrition.com.mx\/index.php\/wp-json\/wp\/v2\/product_tag?post=4869"}],"curies":[{"name":"wp","href":"https:\/\/api.w.org\/{rel}","templated":true}]}}