{"id":4242,"date":"2025-03-14T20:24:35","date_gmt":"2025-03-15T02:24:35","guid":{"rendered":"https:\/\/www.musclenutrition.com.mx\/?post_type=product&#038;p=4242"},"modified":"2026-02-04T12:37:53","modified_gmt":"2026-02-04T18:37:53","slug":"evogen-lipocide-ir","status":"publish","type":"product","link":"https:\/\/www.musclenutrition.com.mx\/index.php\/producto\/evogen-lipocide-ir\/","title":{"rendered":"EVOGEN LIPOCIDE IR"},"content":{"rendered":"<p>\u00bfEst\u00e1s buscando un quemador de grasa eficaz y de alta calidad? Entonces, no busques m\u00e1s all\u00e1 de Evogen Lipocide IR. Este suplemento de p\u00e9rdida de peso premium te ayudar\u00e1 a alcanzar tus metas de fitness al quemar grasa, controlar el apetito y aumentar la energ\u00eda.<\/p>\n<p>Con una f\u00f3rmula innovadora y de acci\u00f3n r\u00e1pida, Evogen Lipocide IR ofrece resultados notables en tan solo unas pocas semanas. Sus ingredientes clave, como la cafe\u00edna anhidra, la yohimbina, el t\u00e9 verde y la n-acetil-l-tirosina, trabajan juntos para aumentar la tasa metab\u00f3lica, mejorar el estado de \u00e1nimo y reducir el apetito.<\/p>\n","protected":false},"excerpt":{"rendered":"<p>\u00bfEst\u00e1s buscando un quemador de grasa eficaz y de alta calidad? Entonces, no busques m\u00e1s all\u00e1 de Evogen Lipocide IR. Este suplemento de p\u00e9rdida de peso premium te ayudar\u00e1 a alcanzar tus metas de fitness al quemar grasa, controlar el apetito y aumentar la energ\u00eda. Con una f\u00f3rmula innovadora y de acci\u00f3n r\u00e1pida, Evogen Lipocide &hellip;<\/p>\n<p class=\"read-more\"> <a class=\"\" href=\"https:\/\/www.musclenutrition.com.mx\/index.php\/producto\/evogen-lipocide-ir\/\"> <span class=\"screen-reader-text\">EVOGEN LIPOCIDE IR<\/span> Leer m\u00e1s &raquo;<\/a><\/p>\n","protected":false},"featured_media":4243,"comment_status":"open","ping_status":"closed","template":"","meta":{"_uag_custom_page_level_css":"","site-sidebar-layout":"default","site-content-layout":"default","ast-global-header-display":"","ast-banner-title-visibility":"","ast-main-header-display":"","ast-hfb-above-header-display":"","ast-hfb-below-header-display":"","ast-hfb-mobile-header-display":"","site-post-title":"","ast-breadcrumbs-content":"","ast-featured-img":"","footer-sml-layout":"","theme-transparent-header-meta":"default","adv-header-id-meta":"","stick-header-meta":"","header-above-stick-meta":"","header-main-stick-meta":"","header-below-stick-meta":""},"product_brand":[],"product_cat":[36],"product_tag":[],"class_list":{"0":"post-4242","1":"product","2":"type-product","3":"status-publish","4":"has-post-thumbnail","6":"product_cat-quemadores","7":"desktop-align-left","8":"tablet-align-left","9":"mobile-align-left","11":"first","12":"instock","13":"shipping-taxable","14":"purchasable","15":"product-type-variable"},"ams_default_variation_id":0,"ams_product_points_reward":[],"ams_product_discount_percentage":0,"ams_price_to_display":580,"ams_acf":[],"uagb_featured_image_src":{"full":["https:\/\/www.musclenutrition.com.mx\/wp-content\/uploads\/2025\/03\/lipocide-ir.png",1080,1080,false],"thumbnail":["https:\/\/www.musclenutrition.com.mx\/wp-content\/uploads\/2025\/03\/lipocide-ir-150x150.png",150,150,true],"medium":["https:\/\/www.musclenutrition.com.mx\/wp-content\/uploads\/2025\/03\/lipocide-ir-300x300.png",300,300,true],"medium_large":["https:\/\/www.musclenutrition.com.mx\/wp-content\/uploads\/2025\/03\/lipocide-ir-768x768.png",768,768,true],"large":["https:\/\/www.musclenutrition.com.mx\/wp-content\/uploads\/2025\/03\/lipocide-ir-1024x1024.png",1024,1024,true],"1536x1536":["https:\/\/www.musclenutrition.com.mx\/wp-content\/uploads\/2025\/03\/lipocide-ir.png",1080,1080,false],"2048x2048":["https:\/\/www.musclenutrition.com.mx\/wp-content\/uploads\/2025\/03\/lipocide-ir.png",1080,1080,false],"woocommerce_thumbnail":["https:\/\/www.musclenutrition.com.mx\/wp-content\/uploads\/2025\/03\/lipocide-ir-300x300.png",300,300,true],"woocommerce_single":["https:\/\/www.musclenutrition.com.mx\/wp-content\/uploads\/2025\/03\/lipocide-ir-600x600.png",600,600,true],"woocommerce_gallery_thumbnail":["https:\/\/www.musclenutrition.com.mx\/wp-content\/uploads\/2025\/03\/lipocide-ir-100x100.png",100,100,true],"dgwt-wcas-product-suggestion":["https:\/\/www.musclenutrition.com.mx\/wp-content\/uploads\/2025\/03\/lipocide-ir-64x64.png",64,64,true]},"uagb_author_info":{"display_name":"ventas reynosa","author_link":"https:\/\/www.musclenutrition.com.mx\/index.php\/author\/"},"uagb_comment_info":0,"uagb_excerpt":"\u00bfEst\u00e1s buscando un quemador de grasa eficaz y de alta calidad? Entonces, no busques m\u00e1s all\u00e1 de Evogen Lipocide IR. Este suplemento de p\u00e9rdida de peso premium te ayudar\u00e1 a alcanzar tus metas de fitness al quemar grasa, controlar el apetito y aumentar la energ\u00eda. Con una f\u00f3rmula innovadora y de acci\u00f3n r\u00e1pida, Evogen Lipocide&hellip;","_links":{"self":[{"href":"https:\/\/www.musclenutrition.com.mx\/index.php\/wp-json\/wp\/v2\/product\/4242","targetHints":{"allow":["GET"]}}],"collection":[{"href":"https:\/\/www.musclenutrition.com.mx\/index.php\/wp-json\/wp\/v2\/product"}],"about":[{"href":"https:\/\/www.musclenutrition.com.mx\/index.php\/wp-json\/wp\/v2\/types\/product"}],"replies":[{"embeddable":true,"href":"https:\/\/www.musclenutrition.com.mx\/index.php\/wp-json\/wp\/v2\/comments?post=4242"}],"wp:featuredmedia":[{"embeddable":true,"href":"https:\/\/www.musclenutrition.com.mx\/index.php\/wp-json\/wp\/v2\/media\/4243"}],"wp:attachment":[{"href":"https:\/\/www.musclenutrition.com.mx\/index.php\/wp-json\/wp\/v2\/media?parent=4242"}],"wp:term":[{"taxonomy":"product_brand","embeddable":true,"href":"https:\/\/www.musclenutrition.com.mx\/index.php\/wp-json\/wp\/v2\/product_brand?post=4242"},{"taxonomy":"product_cat","embeddable":true,"href":"https:\/\/www.musclenutrition.com.mx\/index.php\/wp-json\/wp\/v2\/product_cat?post=4242"},{"taxonomy":"product_tag","embeddable":true,"href":"https:\/\/www.musclenutrition.com.mx\/index.php\/wp-json\/wp\/v2\/product_tag?post=4242"}],"curies":[{"name":"wp","href":"https:\/\/api.w.org\/{rel}","templated":true}]}}