{"id":4029,"date":"2024-12-20T20:37:45","date_gmt":"2024-12-21T02:37:45","guid":{"rendered":"https:\/\/www.musclenutrition.com.mx\/?post_type=product&#038;p=4029"},"modified":"2026-01-27T16:12:38","modified_gmt":"2026-01-27T22:12:38","slug":"nutrex-lipo-6-defining-gel-waist-trimmer","status":"publish","type":"product","link":"https:\/\/www.musclenutrition.com.mx\/index.php\/producto\/nutrex-lipo-6-defining-gel-waist-trimmer\/","title":{"rendered":"NUTREX LIPO 6 DEFINING GEL + WAIST TRIMMER"},"content":{"rendered":"<p>Este combo incluye un gel reductor dise\u00f1ado para activar la quema localizada de grasa en abdomen y cintura, junto con Waist Trimmers, una faja t\u00e9rmica que ayuda a incrementar la sudoraci\u00f3n y a moldear la figura. Es muy sencillo su uso, simplemente aplique LIPO-6 DEFINING GEL a cualquier \u00e1rea de grasa y su f\u00f3rmula se absorber\u00e1 r\u00e1pidamente para trabajar en los dep\u00f3sitos de grasa, lo que resultar\u00e1 en un aumento de la termog\u00e9nesis en la grasa tanto subcut\u00e1nea como visceral, por igual.<\/p>\n<p>&nbsp;<\/p>\n","protected":false},"excerpt":{"rendered":"<p>Este combo incluye un gel reductor dise\u00f1ado para activar la quema localizada de grasa en abdomen y cintura, junto con Waist Trimmers, una faja t\u00e9rmica que ayuda a incrementar la sudoraci\u00f3n y a moldear la figura. Es muy sencillo su uso, simplemente aplique LIPO-6 DEFINING GEL a cualquier \u00e1rea de grasa y su f\u00f3rmula se &hellip;<\/p>\n<p class=\"read-more\"> <a class=\"\" href=\"https:\/\/www.musclenutrition.com.mx\/index.php\/producto\/nutrex-lipo-6-defining-gel-waist-trimmer\/\"> <span class=\"screen-reader-text\">NUTREX LIPO 6 DEFINING GEL + WAIST TRIMMER<\/span> Leer m\u00e1s &raquo;<\/a><\/p>\n","protected":false},"featured_media":4030,"comment_status":"open","ping_status":"closed","template":"","meta":{"_uag_custom_page_level_css":"","site-sidebar-layout":"default","site-content-layout":"default","ast-global-header-display":"","ast-banner-title-visibility":"","ast-main-header-display":"","ast-hfb-above-header-display":"","ast-hfb-below-header-display":"","ast-hfb-mobile-header-display":"","site-post-title":"","ast-breadcrumbs-content":"","ast-featured-img":"","footer-sml-layout":"","theme-transparent-header-meta":"default","adv-header-id-meta":"","stick-header-meta":"","header-above-stick-meta":"","header-main-stick-meta":"","header-below-stick-meta":""},"product_brand":[],"product_cat":[36],"product_tag":[],"class_list":{"0":"post-4029","1":"product","2":"type-product","3":"status-publish","4":"has-post-thumbnail","6":"product_cat-quemadores","7":"desktop-align-left","8":"tablet-align-left","9":"mobile-align-left","11":"first","12":"instock","13":"shipping-taxable","14":"purchasable","15":"product-type-simple"},"ams_default_variation_id":0,"ams_product_points_reward":[],"ams_product_discount_percentage":0,"ams_price_to_display":550,"ams_acf":[],"uagb_featured_image_src":{"full":["https:\/\/www.musclenutrition.com.mx\/wp-content\/uploads\/2024\/12\/LIPO-6-GEL.jpg",679,824,false],"thumbnail":["https:\/\/www.musclenutrition.com.mx\/wp-content\/uploads\/2024\/12\/LIPO-6-GEL-150x150.jpg",150,150,true],"medium":["https:\/\/www.musclenutrition.com.mx\/wp-content\/uploads\/2024\/12\/LIPO-6-GEL-247x300.jpg",247,300,true],"medium_large":["https:\/\/www.musclenutrition.com.mx\/wp-content\/uploads\/2024\/12\/LIPO-6-GEL.jpg",679,824,false],"large":["https:\/\/www.musclenutrition.com.mx\/wp-content\/uploads\/2024\/12\/LIPO-6-GEL.jpg",679,824,false],"1536x1536":["https:\/\/www.musclenutrition.com.mx\/wp-content\/uploads\/2024\/12\/LIPO-6-GEL.jpg",679,824,false],"2048x2048":["https:\/\/www.musclenutrition.com.mx\/wp-content\/uploads\/2024\/12\/LIPO-6-GEL.jpg",679,824,false],"woocommerce_thumbnail":["https:\/\/www.musclenutrition.com.mx\/wp-content\/uploads\/2024\/12\/LIPO-6-GEL-300x300.jpg",300,300,true],"woocommerce_single":["https:\/\/www.musclenutrition.com.mx\/wp-content\/uploads\/2024\/12\/LIPO-6-GEL-600x728.jpg",600,728,true],"woocommerce_gallery_thumbnail":["https:\/\/www.musclenutrition.com.mx\/wp-content\/uploads\/2024\/12\/LIPO-6-GEL-100x100.jpg",100,100,true],"dgwt-wcas-product-suggestion":["https:\/\/www.musclenutrition.com.mx\/wp-content\/uploads\/2024\/12\/LIPO-6-GEL-64x78.jpg",64,78,true]},"uagb_author_info":{"display_name":"ventas reynosa","author_link":"https:\/\/www.musclenutrition.com.mx\/index.php\/author\/"},"uagb_comment_info":0,"uagb_excerpt":"Este combo incluye un gel reductor dise\u00f1ado para activar la quema localizada de grasa en abdomen y cintura, junto con Waist Trimmers, una faja t\u00e9rmica que ayuda a incrementar la sudoraci\u00f3n y a moldear la figura. Es muy sencillo su uso, simplemente aplique LIPO-6 DEFINING GEL a cualquier \u00e1rea de grasa y su f\u00f3rmula se&hellip;","_links":{"self":[{"href":"https:\/\/www.musclenutrition.com.mx\/index.php\/wp-json\/wp\/v2\/product\/4029","targetHints":{"allow":["GET"]}}],"collection":[{"href":"https:\/\/www.musclenutrition.com.mx\/index.php\/wp-json\/wp\/v2\/product"}],"about":[{"href":"https:\/\/www.musclenutrition.com.mx\/index.php\/wp-json\/wp\/v2\/types\/product"}],"replies":[{"embeddable":true,"href":"https:\/\/www.musclenutrition.com.mx\/index.php\/wp-json\/wp\/v2\/comments?post=4029"}],"wp:featuredmedia":[{"embeddable":true,"href":"https:\/\/www.musclenutrition.com.mx\/index.php\/wp-json\/wp\/v2\/media\/4030"}],"wp:attachment":[{"href":"https:\/\/www.musclenutrition.com.mx\/index.php\/wp-json\/wp\/v2\/media?parent=4029"}],"wp:term":[{"taxonomy":"product_brand","embeddable":true,"href":"https:\/\/www.musclenutrition.com.mx\/index.php\/wp-json\/wp\/v2\/product_brand?post=4029"},{"taxonomy":"product_cat","embeddable":true,"href":"https:\/\/www.musclenutrition.com.mx\/index.php\/wp-json\/wp\/v2\/product_cat?post=4029"},{"taxonomy":"product_tag","embeddable":true,"href":"https:\/\/www.musclenutrition.com.mx\/index.php\/wp-json\/wp\/v2\/product_tag?post=4029"}],"curies":[{"name":"wp","href":"https:\/\/api.w.org\/{rel}","templated":true}]}}