{"id":1961,"date":"2023-10-21T06:31:52","date_gmt":"2023-10-21T06:31:52","guid":{"rendered":"https:\/\/musclenutrition.com.mx\/?post_type=product&#038;p=1961"},"modified":"2026-04-06T08:11:43","modified_gmt":"2026-04-06T14:11:43","slug":"gat-cafeina","status":"publish","type":"product","link":"https:\/\/www.musclenutrition.com.mx\/index.php\/producto\/gat-cafeina\/","title":{"rendered":"GAT CAFFEINE"},"content":{"rendered":"<p>GAT CAFE\u00cdNA<\/p>\n<p>La cafe\u00edna proporciona efectos energizantes con cero az\u00facar o calor\u00edas adicionales para apoyar su formaci\u00f3n sin comprometer sus objetivos de la dieta. La cafe\u00edna desencadena una serie de beneficios espec\u00edficos de rendimiento incluyendo una mejor atenci\u00f3n, el estado de alerta elevada, tiempo de reacci\u00f3n m\u00e1s r\u00e1pido, reducci\u00f3n de la fatiga y el aumento de la resistencia.<\/p>\n<p>GAT cafe\u00edna tabletas ofrecen una cantidad de 200 mg de cafe\u00edna cada vez que necesite para poner en marcha r\u00e1pidamente su rendimiento f\u00edsico y mental con el fin de maximizar su entrenamiento.<\/p>\n<p>GAT VENTAJAS Cafe\u00edna:<br \/>\nSoporta el metabolismo<br \/>\nRestaura la conciencia mental<br \/>\nAumenta la energ\u00eda y la resistencia<br \/>\nPromueve la concentraci\u00f3n<\/p>\n","protected":false},"excerpt":{"rendered":"<p>GAT CAFE\u00cdNA La cafe\u00edna proporciona efectos energizantes con cero az\u00facar o calor\u00edas adicionales para apoyar su formaci\u00f3n sin comprometer sus objetivos de la dieta. La cafe\u00edna desencadena una serie de beneficios espec\u00edficos de rendimiento incluyendo una mejor atenci\u00f3n, el estado de alerta elevada, tiempo de reacci\u00f3n m\u00e1s r\u00e1pido, reducci\u00f3n de la fatiga y el aumento &hellip;<\/p>\n<p class=\"read-more\"> <a class=\"\" href=\"https:\/\/www.musclenutrition.com.mx\/index.php\/producto\/gat-cafeina\/\"> <span class=\"screen-reader-text\">GAT CAFFEINE<\/span> Leer m\u00e1s &raquo;<\/a><\/p>\n","protected":false},"featured_media":2306,"comment_status":"open","ping_status":"closed","template":"","meta":{"_uag_custom_page_level_css":"","site-sidebar-layout":"default","site-content-layout":"default","ast-global-header-display":"","ast-banner-title-visibility":"","ast-main-header-display":"","ast-hfb-above-header-display":"","ast-hfb-below-header-display":"","ast-hfb-mobile-header-display":"","site-post-title":"","ast-breadcrumbs-content":"","ast-featured-img":"","footer-sml-layout":"","theme-transparent-header-meta":"default","adv-header-id-meta":"","stick-header-meta":"","header-above-stick-meta":"","header-main-stick-meta":"","header-below-stick-meta":""},"product_brand":[],"product_cat":[35],"product_tag":[],"class_list":{"0":"post-1961","1":"product","2":"type-product","3":"status-publish","4":"has-post-thumbnail","6":"product_cat-pre-entrenos","7":"desktop-align-left","8":"tablet-align-left","9":"mobile-align-left","11":"first","12":"outofstock","13":"shipping-taxable","14":"purchasable","15":"product-type-simple"},"ams_default_variation_id":0,"ams_product_points_reward":[],"ams_product_discount_percentage":0,"ams_price_to_display":260,"ams_acf":[],"uagb_featured_image_src":{"full":["https:\/\/www.musclenutrition.com.mx\/wp-content\/uploads\/2023\/10\/GAT-CAFEINA2.jpg",1000,1287,false],"thumbnail":["https:\/\/www.musclenutrition.com.mx\/wp-content\/uploads\/2023\/10\/GAT-CAFEINA2-150x150.jpg",150,150,true],"medium":["https:\/\/www.musclenutrition.com.mx\/wp-content\/uploads\/2023\/10\/GAT-CAFEINA2-233x300.jpg",233,300,true],"medium_large":["https:\/\/www.musclenutrition.com.mx\/wp-content\/uploads\/2023\/10\/GAT-CAFEINA2-768x988.jpg",768,988,true],"large":["https:\/\/www.musclenutrition.com.mx\/wp-content\/uploads\/2023\/10\/GAT-CAFEINA2-796x1024.jpg",796,1024,true],"1536x1536":["https:\/\/www.musclenutrition.com.mx\/wp-content\/uploads\/2023\/10\/GAT-CAFEINA2.jpg",1000,1287,false],"2048x2048":["https:\/\/www.musclenutrition.com.mx\/wp-content\/uploads\/2023\/10\/GAT-CAFEINA2.jpg",1000,1287,false],"woocommerce_thumbnail":["https:\/\/www.musclenutrition.com.mx\/wp-content\/uploads\/2023\/10\/GAT-CAFEINA2-300x300.jpg",300,300,true],"woocommerce_single":["https:\/\/www.musclenutrition.com.mx\/wp-content\/uploads\/2023\/10\/GAT-CAFEINA2-600x772.jpg",600,772,true],"woocommerce_gallery_thumbnail":["https:\/\/www.musclenutrition.com.mx\/wp-content\/uploads\/2023\/10\/GAT-CAFEINA2-100x100.jpg",100,100,true],"dgwt-wcas-product-suggestion":["https:\/\/www.musclenutrition.com.mx\/wp-content\/uploads\/2023\/10\/GAT-CAFEINA2-64x82.jpg",64,82,true]},"uagb_author_info":{"display_name":"benjaming","author_link":"https:\/\/www.musclenutrition.com.mx\/index.php\/author\/"},"uagb_comment_info":0,"uagb_excerpt":"GAT CAFE\u00cdNA La cafe\u00edna proporciona efectos energizantes con cero az\u00facar o calor\u00edas adicionales para apoyar su formaci\u00f3n sin comprometer sus objetivos de la dieta. La cafe\u00edna desencadena una serie de beneficios espec\u00edficos de rendimiento incluyendo una mejor atenci\u00f3n, el estado de alerta elevada, tiempo de reacci\u00f3n m\u00e1s r\u00e1pido, reducci\u00f3n de la fatiga y el aumento&hellip;","_links":{"self":[{"href":"https:\/\/www.musclenutrition.com.mx\/index.php\/wp-json\/wp\/v2\/product\/1961","targetHints":{"allow":["GET"]}}],"collection":[{"href":"https:\/\/www.musclenutrition.com.mx\/index.php\/wp-json\/wp\/v2\/product"}],"about":[{"href":"https:\/\/www.musclenutrition.com.mx\/index.php\/wp-json\/wp\/v2\/types\/product"}],"replies":[{"embeddable":true,"href":"https:\/\/www.musclenutrition.com.mx\/index.php\/wp-json\/wp\/v2\/comments?post=1961"}],"wp:featuredmedia":[{"embeddable":true,"href":"https:\/\/www.musclenutrition.com.mx\/index.php\/wp-json\/wp\/v2\/media\/2306"}],"wp:attachment":[{"href":"https:\/\/www.musclenutrition.com.mx\/index.php\/wp-json\/wp\/v2\/media?parent=1961"}],"wp:term":[{"taxonomy":"product_brand","embeddable":true,"href":"https:\/\/www.musclenutrition.com.mx\/index.php\/wp-json\/wp\/v2\/product_brand?post=1961"},{"taxonomy":"product_cat","embeddable":true,"href":"https:\/\/www.musclenutrition.com.mx\/index.php\/wp-json\/wp\/v2\/product_cat?post=1961"},{"taxonomy":"product_tag","embeddable":true,"href":"https:\/\/www.musclenutrition.com.mx\/index.php\/wp-json\/wp\/v2\/product_tag?post=1961"}],"curies":[{"name":"wp","href":"https:\/\/api.w.org\/{rel}","templated":true}]}}