{"id":1592,"date":"2023-08-27T21:45:02","date_gmt":"2023-08-27T21:45:02","guid":{"rendered":"https:\/\/musclenutrition.com.mx\/?post_type=product&#038;p=1592"},"modified":"2026-03-27T17:27:07","modified_gmt":"2026-03-27T23:27:07","slug":"venom","status":"publish","type":"product","link":"https:\/\/www.musclenutrition.com.mx\/index.php\/producto\/venom\/","title":{"rendered":"VENOM"},"content":{"rendered":"<p><strong>VENOM<\/strong><\/p>\n<p>Formulado para ser un catalizador de conducci\u00f3n de enfoque y energ\u00eda de alta intensidad sin BS, Venom no deja nada al azar, abordando todos los \u00e1ngulos de optimizaci\u00f3n de su potencial de rendimiento. Con energ\u00eda de alta intensidad alimentada por cafe\u00edna y el novedoso estimulante Dynamine\u00ae, y un enfoque impulsado por una combinaci\u00f3n sin\u00e9rgica de L-tirosina y huperzina, estar\u00e1 atrapado para aplastar cada entrenamiento.<\/p>\n<p>Venom tambi\u00e9n aborda dos componentes cr\u00edticos: entrenamiento de resistencia y flujo sangu\u00edneo. No solo est\u00e1 recibiendo una dosis cl\u00ednica de beta alanina para ayudar a maximizar su resistencia al entrenamiento, sino que tambi\u00e9n incluimos los ingredientes probados en investigaci\u00f3n Nitrosigine\u00ae y S7\u00ae. Estos dos ingredientes trabajan para maximizar el flujo sangu\u00edneo y la vasodilataci\u00f3n y maximizar la producci\u00f3n de \u00f3xido n\u00edtrico end\u00f3geno, lo que significa que no solo obtendr\u00e1 mejores bombas musculares, sino que tambi\u00e9n aumentar\u00e1 la entrega de nutrientes a los m\u00fasculos que trabajan duro y maximizar\u00e1 sus resultados.<\/p>\n<p>Por \u00faltimo, pero no menos importante, Venom tambi\u00e9n se enfoca en maximizar la efectividad de tus sesiones de entre<\/p>\n<p>namiento mediante la inclusi\u00f3n de dos potentes ingredientes que amplifican la quema de calor\u00edas y el gasto energ\u00e9tico: CaloriBurn GP\u00ae y Yohimbe. Se ha demostrado en investigaciones que estos dos ingredientes aumentan la quema de calor\u00edas, activan el tejido adiposo marr\u00f3n y aumentan la lip\u00f3lisis (p\u00e9rdida de grasa), lo que significa que tambi\u00e9n apoyar\u00e1 un f\u00edsico m\u00e1s delgado y poderoso.<\/p>\n","protected":false},"excerpt":{"rendered":"<p>VENOM Formulado para ser un catalizador de conducci\u00f3n de enfoque y energ\u00eda de alta intensidad sin BS, Venom no deja nada al azar, abordando todos los \u00e1ngulos de optimizaci\u00f3n de su potencial de rendimiento. Con energ\u00eda de alta intensidad alimentada por cafe\u00edna y el novedoso estimulante Dynamine\u00ae, y un enfoque impulsado por una combinaci\u00f3n sin\u00e9rgica &hellip;<\/p>\n<p class=\"read-more\"> <a class=\"\" href=\"https:\/\/www.musclenutrition.com.mx\/index.php\/producto\/venom\/\"> <span class=\"screen-reader-text\">VENOM<\/span> Leer m\u00e1s &raquo;<\/a><\/p>\n","protected":false},"featured_media":1603,"comment_status":"open","ping_status":"closed","template":"","meta":{"_uag_custom_page_level_css":"","site-sidebar-layout":"default","site-content-layout":"default","ast-global-header-display":"","ast-banner-title-visibility":"","ast-main-header-display":"","ast-hfb-above-header-display":"","ast-hfb-below-header-display":"","ast-hfb-mobile-header-display":"","site-post-title":"","ast-breadcrumbs-content":"","ast-featured-img":"","footer-sml-layout":"","theme-transparent-header-meta":"default","adv-header-id-meta":"","stick-header-meta":"","header-above-stick-meta":"","header-main-stick-meta":"","header-below-stick-meta":""},"product_brand":[],"product_cat":[35],"product_tag":[],"class_list":{"0":"post-1592","1":"product","2":"type-product","3":"status-publish","4":"has-post-thumbnail","6":"product_cat-pre-entrenos","7":"desktop-align-left","8":"tablet-align-left","9":"mobile-align-left","11":"first","12":"instock","13":"shipping-taxable","14":"purchasable","15":"product-type-variable"},"ams_default_variation_id":0,"ams_product_points_reward":[],"ams_product_discount_percentage":0,"ams_price_to_display":520,"ams_acf":[],"uagb_featured_image_src":{"full":["https:\/\/www.musclenutrition.com.mx\/wp-content\/uploads\/2023\/08\/Imagen_de_WhatsApp_2023-07-12_a_las_17.30.34.jpg",480,480,false],"thumbnail":["https:\/\/www.musclenutrition.com.mx\/wp-content\/uploads\/2023\/08\/Imagen_de_WhatsApp_2023-07-12_a_las_17.30.34-150x150.jpg",150,150,true],"medium":["https:\/\/www.musclenutrition.com.mx\/wp-content\/uploads\/2023\/08\/Imagen_de_WhatsApp_2023-07-12_a_las_17.30.34-300x300.jpg",300,300,true],"medium_large":["https:\/\/www.musclenutrition.com.mx\/wp-content\/uploads\/2023\/08\/Imagen_de_WhatsApp_2023-07-12_a_las_17.30.34.jpg",480,480,false],"large":["https:\/\/www.musclenutrition.com.mx\/wp-content\/uploads\/2023\/08\/Imagen_de_WhatsApp_2023-07-12_a_las_17.30.34.jpg",480,480,false],"1536x1536":["https:\/\/www.musclenutrition.com.mx\/wp-content\/uploads\/2023\/08\/Imagen_de_WhatsApp_2023-07-12_a_las_17.30.34.jpg",480,480,false],"2048x2048":["https:\/\/www.musclenutrition.com.mx\/wp-content\/uploads\/2023\/08\/Imagen_de_WhatsApp_2023-07-12_a_las_17.30.34.jpg",480,480,false],"woocommerce_thumbnail":["https:\/\/www.musclenutrition.com.mx\/wp-content\/uploads\/2023\/08\/Imagen_de_WhatsApp_2023-07-12_a_las_17.30.34-300x300.jpg",300,300,true],"woocommerce_single":["https:\/\/www.musclenutrition.com.mx\/wp-content\/uploads\/2023\/08\/Imagen_de_WhatsApp_2023-07-12_a_las_17.30.34.jpg",480,480,false],"woocommerce_gallery_thumbnail":["https:\/\/www.musclenutrition.com.mx\/wp-content\/uploads\/2023\/08\/Imagen_de_WhatsApp_2023-07-12_a_las_17.30.34-100x100.jpg",100,100,true],"dgwt-wcas-product-suggestion":["https:\/\/www.musclenutrition.com.mx\/wp-content\/uploads\/2023\/08\/Imagen_de_WhatsApp_2023-07-12_a_las_17.30.34.jpg",64,64,false]},"uagb_author_info":{"display_name":"benjaming","author_link":"https:\/\/www.musclenutrition.com.mx\/index.php\/author\/"},"uagb_comment_info":0,"uagb_excerpt":"VENOM Formulado para ser un catalizador de conducci\u00f3n de enfoque y energ\u00eda de alta intensidad sin BS, Venom no deja nada al azar, abordando todos los \u00e1ngulos de optimizaci\u00f3n de su potencial de rendimiento. Con energ\u00eda de alta intensidad alimentada por cafe\u00edna y el novedoso estimulante Dynamine\u00ae, y un enfoque impulsado por una combinaci\u00f3n sin\u00e9rgica&hellip;","_links":{"self":[{"href":"https:\/\/www.musclenutrition.com.mx\/index.php\/wp-json\/wp\/v2\/product\/1592","targetHints":{"allow":["GET"]}}],"collection":[{"href":"https:\/\/www.musclenutrition.com.mx\/index.php\/wp-json\/wp\/v2\/product"}],"about":[{"href":"https:\/\/www.musclenutrition.com.mx\/index.php\/wp-json\/wp\/v2\/types\/product"}],"replies":[{"embeddable":true,"href":"https:\/\/www.musclenutrition.com.mx\/index.php\/wp-json\/wp\/v2\/comments?post=1592"}],"wp:featuredmedia":[{"embeddable":true,"href":"https:\/\/www.musclenutrition.com.mx\/index.php\/wp-json\/wp\/v2\/media\/1603"}],"wp:attachment":[{"href":"https:\/\/www.musclenutrition.com.mx\/index.php\/wp-json\/wp\/v2\/media?parent=1592"}],"wp:term":[{"taxonomy":"product_brand","embeddable":true,"href":"https:\/\/www.musclenutrition.com.mx\/index.php\/wp-json\/wp\/v2\/product_brand?post=1592"},{"taxonomy":"product_cat","embeddable":true,"href":"https:\/\/www.musclenutrition.com.mx\/index.php\/wp-json\/wp\/v2\/product_cat?post=1592"},{"taxonomy":"product_tag","embeddable":true,"href":"https:\/\/www.musclenutrition.com.mx\/index.php\/wp-json\/wp\/v2\/product_tag?post=1592"}],"curies":[{"name":"wp","href":"https:\/\/api.w.org\/{rel}","templated":true}]}}