{"id":1565,"date":"2023-08-27T21:32:35","date_gmt":"2023-08-27T21:32:35","guid":{"rendered":"https:\/\/musclenutrition.com.mx\/?post_type=product&#038;p=1565"},"modified":"2026-04-06T13:22:47","modified_gmt":"2026-04-06T19:22:47","slug":"stimul-8","status":"publish","type":"product","link":"https:\/\/www.musclenutrition.com.mx\/index.php\/producto\/stimul-8\/","title":{"rendered":"STIMUL 8"},"content":{"rendered":"<p><strong>STIMUL 8 ORIGINAL<\/strong><\/p>\n<p>STIMUL8 (Stimulate) es el s\u00faper preentrenamiento original, dise\u00f1ado para brindar energ\u00eda limpia sin igual durante horas! Construido con una f\u00f3rmula exclusiva de los productos FINAFLEX es lo que hace que STIMUL8 sea tan eficaz<\/p>\n<p>Comience con la mitad de una porci\u00f3n (la mitad de una cucharada) para determinar la tolerancia, ya que algunas personas pueden ser muy sensibles a la f\u00f3rmula STIMUL8.<\/p>\n<p>\u00a1La f\u00f3rmula probada y verdadera de STIMUL8 se ha mantenido pr\u00e1cticamente sin cambios durante 5 a\u00f1os! \u00a1Hombres y mujeres han confiado en la f\u00f3rmula STIMUL8 para brindar energ\u00eda extrema en cada dosis!<\/p>\n","protected":false},"excerpt":{"rendered":"<p>STIMUL 8 ORIGINAL STIMUL8 (Stimulate) es el s\u00faper preentrenamiento original, dise\u00f1ado para brindar energ\u00eda limpia sin igual durante horas! Construido con una f\u00f3rmula exclusiva de los productos FINAFLEX es lo que hace que STIMUL8 sea tan eficaz Comience con la mitad de una porci\u00f3n (la mitad de una cucharada) para determinar la tolerancia, ya que &hellip;<\/p>\n<p class=\"read-more\"> <a class=\"\" href=\"https:\/\/www.musclenutrition.com.mx\/index.php\/producto\/stimul-8\/\"> <span class=\"screen-reader-text\">STIMUL 8<\/span> Leer m\u00e1s &raquo;<\/a><\/p>\n","protected":false},"featured_media":1572,"comment_status":"open","ping_status":"closed","template":"","meta":{"_uag_custom_page_level_css":"","site-sidebar-layout":"default","site-content-layout":"default","ast-global-header-display":"","ast-banner-title-visibility":"","ast-main-header-display":"","ast-hfb-above-header-display":"","ast-hfb-below-header-display":"","ast-hfb-mobile-header-display":"","site-post-title":"","ast-breadcrumbs-content":"","ast-featured-img":"","footer-sml-layout":"","theme-transparent-header-meta":"default","adv-header-id-meta":"","stick-header-meta":"","header-above-stick-meta":"","header-main-stick-meta":"","header-below-stick-meta":""},"product_brand":[],"product_cat":[51,35],"product_tag":[],"class_list":{"0":"post-1565","1":"product","2":"type-product","3":"status-publish","4":"has-post-thumbnail","6":"product_cat-ofertas","7":"product_cat-pre-entrenos","8":"desktop-align-left","9":"tablet-align-left","10":"mobile-align-left","12":"first","13":"instock","14":"sale","15":"shipping-taxable","16":"purchasable","17":"product-type-variable"},"ams_default_variation_id":0,"ams_product_points_reward":[],"ams_product_discount_percentage":0,"ams_price_to_display":430,"ams_acf":[],"uagb_featured_image_src":{"full":["https:\/\/www.musclenutrition.com.mx\/wp-content\/uploads\/2023\/08\/71Zd6mAP-gL.jpg",1500,1500,false],"thumbnail":["https:\/\/www.musclenutrition.com.mx\/wp-content\/uploads\/2023\/08\/71Zd6mAP-gL-150x150.jpg",150,150,true],"medium":["https:\/\/www.musclenutrition.com.mx\/wp-content\/uploads\/2023\/08\/71Zd6mAP-gL-300x300.jpg",300,300,true],"medium_large":["https:\/\/www.musclenutrition.com.mx\/wp-content\/uploads\/2023\/08\/71Zd6mAP-gL-768x768.jpg",768,768,true],"large":["https:\/\/www.musclenutrition.com.mx\/wp-content\/uploads\/2023\/08\/71Zd6mAP-gL-1024x1024.jpg",1024,1024,true],"1536x1536":["https:\/\/www.musclenutrition.com.mx\/wp-content\/uploads\/2023\/08\/71Zd6mAP-gL.jpg",1500,1500,false],"2048x2048":["https:\/\/www.musclenutrition.com.mx\/wp-content\/uploads\/2023\/08\/71Zd6mAP-gL.jpg",1500,1500,false],"woocommerce_thumbnail":["https:\/\/www.musclenutrition.com.mx\/wp-content\/uploads\/2023\/08\/71Zd6mAP-gL-300x300.jpg",300,300,true],"woocommerce_single":["https:\/\/www.musclenutrition.com.mx\/wp-content\/uploads\/2023\/08\/71Zd6mAP-gL-600x600.jpg",600,600,true],"woocommerce_gallery_thumbnail":["https:\/\/www.musclenutrition.com.mx\/wp-content\/uploads\/2023\/08\/71Zd6mAP-gL-100x100.jpg",100,100,true],"dgwt-wcas-product-suggestion":["https:\/\/www.musclenutrition.com.mx\/wp-content\/uploads\/2023\/08\/71Zd6mAP-gL.jpg",64,64,false]},"uagb_author_info":{"display_name":"benjaming","author_link":"https:\/\/www.musclenutrition.com.mx\/index.php\/author\/"},"uagb_comment_info":0,"uagb_excerpt":"STIMUL 8 ORIGINAL STIMUL8 (Stimulate) es el s\u00faper preentrenamiento original, dise\u00f1ado para brindar energ\u00eda limpia sin igual durante horas! Construido con una f\u00f3rmula exclusiva de los productos FINAFLEX es lo que hace que STIMUL8 sea tan eficaz Comience con la mitad de una porci\u00f3n (la mitad de una cucharada) para determinar la tolerancia, ya que&hellip;","_links":{"self":[{"href":"https:\/\/www.musclenutrition.com.mx\/index.php\/wp-json\/wp\/v2\/product\/1565","targetHints":{"allow":["GET"]}}],"collection":[{"href":"https:\/\/www.musclenutrition.com.mx\/index.php\/wp-json\/wp\/v2\/product"}],"about":[{"href":"https:\/\/www.musclenutrition.com.mx\/index.php\/wp-json\/wp\/v2\/types\/product"}],"replies":[{"embeddable":true,"href":"https:\/\/www.musclenutrition.com.mx\/index.php\/wp-json\/wp\/v2\/comments?post=1565"}],"wp:featuredmedia":[{"embeddable":true,"href":"https:\/\/www.musclenutrition.com.mx\/index.php\/wp-json\/wp\/v2\/media\/1572"}],"wp:attachment":[{"href":"https:\/\/www.musclenutrition.com.mx\/index.php\/wp-json\/wp\/v2\/media?parent=1565"}],"wp:term":[{"taxonomy":"product_brand","embeddable":true,"href":"https:\/\/www.musclenutrition.com.mx\/index.php\/wp-json\/wp\/v2\/product_brand?post=1565"},{"taxonomy":"product_cat","embeddable":true,"href":"https:\/\/www.musclenutrition.com.mx\/index.php\/wp-json\/wp\/v2\/product_cat?post=1565"},{"taxonomy":"product_tag","embeddable":true,"href":"https:\/\/www.musclenutrition.com.mx\/index.php\/wp-json\/wp\/v2\/product_tag?post=1565"}],"curies":[{"name":"wp","href":"https:\/\/api.w.org\/{rel}","templated":true}]}}