{"id":1483,"date":"2023-08-27T17:26:12","date_gmt":"2023-08-27T17:26:12","guid":{"rendered":"https:\/\/musclenutrition.com.mx\/?post_type=product&#038;p=1483"},"modified":"2026-03-27T18:09:17","modified_gmt":"2026-03-28T00:09:17","slug":"nitraflex-burn-tropic-thunderburst","status":"publish","type":"product","link":"https:\/\/www.musclenutrition.com.mx\/index.php\/producto\/nitraflex-burn-tropic-thunderburst\/","title":{"rendered":"NITRAFLEX BURN"},"content":{"rendered":"<p><strong>NITRAFLEX BURN<\/strong><\/p>\n<p>NITRAFLEX\u00ae ha sido el nombre de confianza cuando se trata de pre-entrenamiento durante casi una d\u00e9cada y reformulado NITRAFLEX BURN\u00ae es su potencia de construcci\u00f3n muscular cient\u00edficamente avanzada m\u00e1s nueva dise\u00f1ada para desarrollar m\u00fasculo magro y denso mientras quema la grasa corporal subcut\u00e1nea. Siente el poder que surge en minutos.<br \/>\n\u00a1NITRAFLEX BURN motivar\u00e1 tu entrenamiento y te ayudar\u00e1 a llevar tu f\u00edsico y rendimiento al siguiente nivel.<br \/>\n\u00bfPor qu\u00e9 tomar Pre-Entrenamiento Termog\u00e9nico Nitraflex Burn?<br \/>\nDurante casi una d\u00e9cada, NITRAFLEX\u00ae ha sido el nombre en el que conf\u00eda cuando se trata de pre-<br \/>\nf\u00f3rmulas de entrenamiento Y ahora, NITRAFLEX\u00ae sube la apuesta al introducir Nitrosigine en la mezcla y agregar el nuevo NitraBurn\u2122 a la f\u00f3rmula. Esta potente combinaci\u00f3n de Nitrosigine\u00ae y CaloriBURN\u00ae aumenta en gran medida las bombas y el potencial termog\u00e9nico m\u00e1s all\u00e1 de las expectativas.<\/p>\n","protected":false},"excerpt":{"rendered":"<p>NITRAFLEX BURN NITRAFLEX\u00ae ha sido el nombre de confianza cuando se trata de pre-entrenamiento durante casi una d\u00e9cada y reformulado NITRAFLEX BURN\u00ae es su potencia de construcci\u00f3n muscular cient\u00edficamente avanzada m\u00e1s nueva dise\u00f1ada para desarrollar m\u00fasculo magro y denso mientras quema la grasa corporal subcut\u00e1nea. Siente el poder que surge en minutos. \u00a1NITRAFLEX BURN motivar\u00e1 &hellip;<\/p>\n<p class=\"read-more\"> <a class=\"\" href=\"https:\/\/www.musclenutrition.com.mx\/index.php\/producto\/nitraflex-burn-tropic-thunderburst\/\"> <span class=\"screen-reader-text\">NITRAFLEX BURN<\/span> Leer m\u00e1s &raquo;<\/a><\/p>\n","protected":false},"featured_media":1484,"comment_status":"open","ping_status":"closed","template":"","meta":{"_uag_custom_page_level_css":"","site-sidebar-layout":"default","site-content-layout":"default","ast-global-header-display":"","ast-banner-title-visibility":"","ast-main-header-display":"","ast-hfb-above-header-display":"","ast-hfb-below-header-display":"","ast-hfb-mobile-header-display":"","site-post-title":"","ast-breadcrumbs-content":"","ast-featured-img":"","footer-sml-layout":"","theme-transparent-header-meta":"default","adv-header-id-meta":"","stick-header-meta":"","header-above-stick-meta":"","header-main-stick-meta":"","header-below-stick-meta":""},"product_brand":[],"product_cat":[35],"product_tag":[],"class_list":{"0":"post-1483","1":"product","2":"type-product","3":"status-publish","4":"has-post-thumbnail","6":"product_cat-pre-entrenos","7":"desktop-align-left","8":"tablet-align-left","9":"mobile-align-left","11":"first","12":"instock","13":"shipping-taxable","14":"purchasable","15":"product-type-variable"},"ams_default_variation_id":0,"ams_product_points_reward":[],"ams_product_discount_percentage":0,"ams_price_to_display":580,"ams_acf":[],"uagb_featured_image_src":{"full":["https:\/\/www.musclenutrition.com.mx\/wp-content\/uploads\/2023\/08\/nitraflex-burn-745771.webp",1500,1500,false],"thumbnail":["https:\/\/www.musclenutrition.com.mx\/wp-content\/uploads\/2023\/08\/nitraflex-burn-745771-150x150.webp",150,150,true],"medium":["https:\/\/www.musclenutrition.com.mx\/wp-content\/uploads\/2023\/08\/nitraflex-burn-745771-300x300.webp",300,300,true],"medium_large":["https:\/\/www.musclenutrition.com.mx\/wp-content\/uploads\/2023\/08\/nitraflex-burn-745771-768x768.webp",768,768,true],"large":["https:\/\/www.musclenutrition.com.mx\/wp-content\/uploads\/2023\/08\/nitraflex-burn-745771-1024x1024.webp",1024,1024,true],"1536x1536":["https:\/\/www.musclenutrition.com.mx\/wp-content\/uploads\/2023\/08\/nitraflex-burn-745771.webp",1500,1500,false],"2048x2048":["https:\/\/www.musclenutrition.com.mx\/wp-content\/uploads\/2023\/08\/nitraflex-burn-745771.webp",1500,1500,false],"woocommerce_thumbnail":["https:\/\/www.musclenutrition.com.mx\/wp-content\/uploads\/2023\/08\/nitraflex-burn-745771-300x300.webp",300,300,true],"woocommerce_single":["https:\/\/www.musclenutrition.com.mx\/wp-content\/uploads\/2023\/08\/nitraflex-burn-745771-600x600.webp",600,600,true],"woocommerce_gallery_thumbnail":["https:\/\/www.musclenutrition.com.mx\/wp-content\/uploads\/2023\/08\/nitraflex-burn-745771-100x100.webp",100,100,true],"dgwt-wcas-product-suggestion":["https:\/\/www.musclenutrition.com.mx\/wp-content\/uploads\/2023\/08\/nitraflex-burn-745771.webp",64,64,false]},"uagb_author_info":{"display_name":"benjaming","author_link":"https:\/\/www.musclenutrition.com.mx\/index.php\/author\/"},"uagb_comment_info":0,"uagb_excerpt":"NITRAFLEX BURN NITRAFLEX\u00ae ha sido el nombre de confianza cuando se trata de pre-entrenamiento durante casi una d\u00e9cada y reformulado NITRAFLEX BURN\u00ae es su potencia de construcci\u00f3n muscular cient\u00edficamente avanzada m\u00e1s nueva dise\u00f1ada para desarrollar m\u00fasculo magro y denso mientras quema la grasa corporal subcut\u00e1nea. Siente el poder que surge en minutos. \u00a1NITRAFLEX BURN motivar\u00e1&hellip;","_links":{"self":[{"href":"https:\/\/www.musclenutrition.com.mx\/index.php\/wp-json\/wp\/v2\/product\/1483","targetHints":{"allow":["GET"]}}],"collection":[{"href":"https:\/\/www.musclenutrition.com.mx\/index.php\/wp-json\/wp\/v2\/product"}],"about":[{"href":"https:\/\/www.musclenutrition.com.mx\/index.php\/wp-json\/wp\/v2\/types\/product"}],"replies":[{"embeddable":true,"href":"https:\/\/www.musclenutrition.com.mx\/index.php\/wp-json\/wp\/v2\/comments?post=1483"}],"wp:featuredmedia":[{"embeddable":true,"href":"https:\/\/www.musclenutrition.com.mx\/index.php\/wp-json\/wp\/v2\/media\/1484"}],"wp:attachment":[{"href":"https:\/\/www.musclenutrition.com.mx\/index.php\/wp-json\/wp\/v2\/media?parent=1483"}],"wp:term":[{"taxonomy":"product_brand","embeddable":true,"href":"https:\/\/www.musclenutrition.com.mx\/index.php\/wp-json\/wp\/v2\/product_brand?post=1483"},{"taxonomy":"product_cat","embeddable":true,"href":"https:\/\/www.musclenutrition.com.mx\/index.php\/wp-json\/wp\/v2\/product_cat?post=1483"},{"taxonomy":"product_tag","embeddable":true,"href":"https:\/\/www.musclenutrition.com.mx\/index.php\/wp-json\/wp\/v2\/product_tag?post=1483"}],"curies":[{"name":"wp","href":"https:\/\/api.w.org\/{rel}","templated":true}]}}