{"id":1435,"date":"2023-08-27T17:09:04","date_gmt":"2023-08-27T17:09:04","guid":{"rendered":"https:\/\/musclenutrition.com.mx\/?post_type=product&#038;p=1435"},"modified":"2025-12-04T10:58:04","modified_gmt":"2025-12-04T16:58:04","slug":"i-am-god","status":"publish","type":"product","link":"https:\/\/www.musclenutrition.com.mx\/index.php\/producto\/i-am-god\/","title":{"rendered":"I AM GOD"},"content":{"rendered":"<p><strong>I AM GOD<\/strong><\/p>\n<p>IAM GOD \u2122 es el PRE entrenamiento m\u00e1s buscado, creado y formulado por el fundador de Insane Labz\u00ae. Formulado para m\u00e1s de 300 marcas de nutrici\u00f3n deportiva en todo el mundo. \u00a1Este producto de Insane Labz\u00ae es tan asombroso que realmente le habla al cliente del estante o pantalla dici\u00e9ndole que es el Dios de los pre-entrenamientos! Los fans de Asylum pensaron que pon\u00edamos el list\u00f3n alto con Psychotic \u2122 pero hemos roto la barra como hacemos en todas las metas y hemos creado I AM GOD \u2122 para ser el mayor pre-entrenamiento m\u00e1s malo jam\u00e1s creado. Insane Labz\u00ae recomienda que comience con la mitad de una cucharada para acceder a su tolerancia ya que este producto es solo para usuarios avanzados. I AM GOD \u2122 debe tomarse en serio y tomarse como se indica. Si no has probado los productos Insane Labz\u00ae antes, bienvenidos al movimiento y la toma de posesi\u00f3n. \u00a1Dios ha hablado! Ahora depende de usted hacer el resto.<\/p>\n","protected":false},"excerpt":{"rendered":"<p>I AM GOD IAM GOD \u2122 es el PRE entrenamiento m\u00e1s buscado, creado y formulado por el fundador de Insane Labz\u00ae. Formulado para m\u00e1s de 300 marcas de nutrici\u00f3n deportiva en todo el mundo. \u00a1Este producto de Insane Labz\u00ae es tan asombroso que realmente le habla al cliente del estante o pantalla dici\u00e9ndole que es &hellip;<\/p>\n<p class=\"read-more\"> <a class=\"\" href=\"https:\/\/www.musclenutrition.com.mx\/index.php\/producto\/i-am-god\/\"> <span class=\"screen-reader-text\">I AM GOD<\/span> Leer m\u00e1s &raquo;<\/a><\/p>\n","protected":false},"featured_media":1438,"comment_status":"open","ping_status":"closed","template":"","meta":{"_uag_custom_page_level_css":"","site-sidebar-layout":"default","site-content-layout":"default","ast-global-header-display":"","ast-banner-title-visibility":"","ast-main-header-display":"","ast-hfb-above-header-display":"","ast-hfb-below-header-display":"","ast-hfb-mobile-header-display":"","site-post-title":"","ast-breadcrumbs-content":"","ast-featured-img":"","footer-sml-layout":"","theme-transparent-header-meta":"default","adv-header-id-meta":"","stick-header-meta":"","header-above-stick-meta":"","header-main-stick-meta":"","header-below-stick-meta":""},"product_brand":[],"product_cat":[35],"product_tag":[],"class_list":{"0":"post-1435","1":"product","2":"type-product","3":"status-publish","4":"has-post-thumbnail","6":"product_cat-pre-entrenos","7":"desktop-align-left","8":"tablet-align-left","9":"mobile-align-left","11":"first","12":"instock","13":"shipping-taxable","14":"purchasable","15":"product-type-variable"},"ams_default_variation_id":0,"ams_product_points_reward":[],"ams_product_discount_percentage":0,"ams_price_to_display":490,"ams_acf":[],"uagb_featured_image_src":{"full":["https:\/\/www.musclenutrition.com.mx\/wp-content\/uploads\/2023\/08\/23-Ins-I-Am-God-25-Serv-Apple.webp",1148,1146,false],"thumbnail":["https:\/\/www.musclenutrition.com.mx\/wp-content\/uploads\/2023\/08\/23-Ins-I-Am-God-25-Serv-Apple-150x150.webp",150,150,true],"medium":["https:\/\/www.musclenutrition.com.mx\/wp-content\/uploads\/2023\/08\/23-Ins-I-Am-God-25-Serv-Apple-300x300.webp",300,300,true],"medium_large":["https:\/\/www.musclenutrition.com.mx\/wp-content\/uploads\/2023\/08\/23-Ins-I-Am-God-25-Serv-Apple-768x767.webp",768,767,true],"large":["https:\/\/www.musclenutrition.com.mx\/wp-content\/uploads\/2023\/08\/23-Ins-I-Am-God-25-Serv-Apple-1024x1022.webp",1024,1022,true],"1536x1536":["https:\/\/www.musclenutrition.com.mx\/wp-content\/uploads\/2023\/08\/23-Ins-I-Am-God-25-Serv-Apple.webp",1148,1146,false],"2048x2048":["https:\/\/www.musclenutrition.com.mx\/wp-content\/uploads\/2023\/08\/23-Ins-I-Am-God-25-Serv-Apple.webp",1148,1146,false],"woocommerce_thumbnail":["https:\/\/www.musclenutrition.com.mx\/wp-content\/uploads\/2023\/08\/23-Ins-I-Am-God-25-Serv-Apple-300x300.webp",300,300,true],"woocommerce_single":["https:\/\/www.musclenutrition.com.mx\/wp-content\/uploads\/2023\/08\/23-Ins-I-Am-God-25-Serv-Apple-600x599.webp",600,599,true],"woocommerce_gallery_thumbnail":["https:\/\/www.musclenutrition.com.mx\/wp-content\/uploads\/2023\/08\/23-Ins-I-Am-God-25-Serv-Apple-100x100.webp",100,100,true],"dgwt-wcas-product-suggestion":["https:\/\/www.musclenutrition.com.mx\/wp-content\/uploads\/2023\/08\/23-Ins-I-Am-God-25-Serv-Apple.webp",64,64,false]},"uagb_author_info":{"display_name":"benjaming","author_link":"https:\/\/www.musclenutrition.com.mx\/index.php\/author\/"},"uagb_comment_info":0,"uagb_excerpt":"I AM GOD IAM GOD \u2122 es el PRE entrenamiento m\u00e1s buscado, creado y formulado por el fundador de Insane Labz\u00ae. Formulado para m\u00e1s de 300 marcas de nutrici\u00f3n deportiva en todo el mundo. \u00a1Este producto de Insane Labz\u00ae es tan asombroso que realmente le habla al cliente del estante o pantalla dici\u00e9ndole que es&hellip;","_links":{"self":[{"href":"https:\/\/www.musclenutrition.com.mx\/index.php\/wp-json\/wp\/v2\/product\/1435","targetHints":{"allow":["GET"]}}],"collection":[{"href":"https:\/\/www.musclenutrition.com.mx\/index.php\/wp-json\/wp\/v2\/product"}],"about":[{"href":"https:\/\/www.musclenutrition.com.mx\/index.php\/wp-json\/wp\/v2\/types\/product"}],"replies":[{"embeddable":true,"href":"https:\/\/www.musclenutrition.com.mx\/index.php\/wp-json\/wp\/v2\/comments?post=1435"}],"wp:featuredmedia":[{"embeddable":true,"href":"https:\/\/www.musclenutrition.com.mx\/index.php\/wp-json\/wp\/v2\/media\/1438"}],"wp:attachment":[{"href":"https:\/\/www.musclenutrition.com.mx\/index.php\/wp-json\/wp\/v2\/media?parent=1435"}],"wp:term":[{"taxonomy":"product_brand","embeddable":true,"href":"https:\/\/www.musclenutrition.com.mx\/index.php\/wp-json\/wp\/v2\/product_brand?post=1435"},{"taxonomy":"product_cat","embeddable":true,"href":"https:\/\/www.musclenutrition.com.mx\/index.php\/wp-json\/wp\/v2\/product_cat?post=1435"},{"taxonomy":"product_tag","embeddable":true,"href":"https:\/\/www.musclenutrition.com.mx\/index.php\/wp-json\/wp\/v2\/product_tag?post=1435"}],"curies":[{"name":"wp","href":"https:\/\/api.w.org\/{rel}","templated":true}]}}