{"id":1412,"date":"2023-08-27T16:58:09","date_gmt":"2023-08-27T16:58:09","guid":{"rendered":"https:\/\/musclenutrition.com.mx\/?post_type=product&#038;p=1412"},"modified":"2025-01-08T16:15:25","modified_gmt":"2025-01-08T22:15:25","slug":"c4-sport","status":"publish","type":"product","link":"https:\/\/www.musclenutrition.com.mx\/index.php\/producto\/c4-sport\/","title":{"rendered":"C4 SPORT"},"content":{"rendered":"<p><strong>C4 Sport<\/strong><\/p>\n<p>C4 Pre-Workout de Cellucor es pura energ\u00eda gracias su exclusiva combinaci\u00f3n de ingredientes. Posee la capacidad de incendiar tu mente, m\u00fasculos y entrenamiento d\u00eda tras d\u00eda.\u00a1Con C4 Pre-Workout obtendr\u00e1s m\u00e1s energ\u00eda y fuerza de lo que jam\u00e1s habr\u00edas podido imaginar. Obtendr\u00e1s esa repetici\u00f3n extra, completar la \u00faltima serie\u2026 arrasando tus marcas anteriores tanto de fuerza como de resistencia!<\/p>\n<p>Con C4 Sport hemos hecho un esfuerzo adicional y hemos obtenido la certificaci\u00f3n NSF Certified for Sport\u00ae, que es importante tanto para los atletas profesionales como para los atletas de todos los d\u00edas. Certified for Sport\u00ae es el \u00fanico programa independiente de certificaci\u00f3n de terceros reconocido por MLB, la MLB Players Association, la NHL y la CFL.<\/p>\n","protected":false},"excerpt":{"rendered":"<p>C4 Sport C4 Pre-Workout de Cellucor es pura energ\u00eda gracias su exclusiva combinaci\u00f3n de ingredientes. Posee la capacidad de incendiar tu mente, m\u00fasculos y entrenamiento d\u00eda tras d\u00eda.\u00a1Con C4 Pre-Workout obtendr\u00e1s m\u00e1s energ\u00eda y fuerza de lo que jam\u00e1s habr\u00edas podido imaginar. Obtendr\u00e1s esa repetici\u00f3n extra, completar la \u00faltima serie\u2026 arrasando tus marcas anteriores tanto &hellip;<\/p>\n<p class=\"read-more\"> <a class=\"\" href=\"https:\/\/www.musclenutrition.com.mx\/index.php\/producto\/c4-sport\/\"> <span class=\"screen-reader-text\">C4 SPORT<\/span> Leer m\u00e1s &raquo;<\/a><\/p>\n","protected":false},"featured_media":1415,"comment_status":"open","ping_status":"closed","template":"","meta":{"_uag_custom_page_level_css":"","site-sidebar-layout":"default","site-content-layout":"default","ast-global-header-display":"","ast-banner-title-visibility":"","ast-main-header-display":"","ast-hfb-above-header-display":"","ast-hfb-below-header-display":"","ast-hfb-mobile-header-display":"","site-post-title":"","ast-breadcrumbs-content":"","ast-featured-img":"","footer-sml-layout":"","theme-transparent-header-meta":"default","adv-header-id-meta":"","stick-header-meta":"","header-above-stick-meta":"","header-main-stick-meta":"","header-below-stick-meta":""},"product_brand":[],"product_cat":[15],"product_tag":[],"class_list":{"0":"post-1412","1":"product","2":"type-product","3":"status-publish","4":"has-post-thumbnail","6":"product_cat-sin-categorizar","7":"desktop-align-left","8":"tablet-align-left","9":"mobile-align-left","11":"first","12":"outofstock","13":"shipping-taxable","14":"purchasable","15":"product-type-variable"},"ams_default_variation_id":0,"ams_product_points_reward":[],"ams_product_discount_percentage":0,"ams_price_to_display":480,"ams_acf":[],"uagb_featured_image_src":{"full":["https:\/\/www.musclenutrition.com.mx\/wp-content\/uploads\/2023\/08\/C4-Sport-de-Cellucor.webp",600,600,false],"thumbnail":["https:\/\/www.musclenutrition.com.mx\/wp-content\/uploads\/2023\/08\/C4-Sport-de-Cellucor-150x150.webp",150,150,true],"medium":["https:\/\/www.musclenutrition.com.mx\/wp-content\/uploads\/2023\/08\/C4-Sport-de-Cellucor-300x300.webp",300,300,true],"medium_large":["https:\/\/www.musclenutrition.com.mx\/wp-content\/uploads\/2023\/08\/C4-Sport-de-Cellucor.webp",600,600,false],"large":["https:\/\/www.musclenutrition.com.mx\/wp-content\/uploads\/2023\/08\/C4-Sport-de-Cellucor.webp",600,600,false],"1536x1536":["https:\/\/www.musclenutrition.com.mx\/wp-content\/uploads\/2023\/08\/C4-Sport-de-Cellucor.webp",600,600,false],"2048x2048":["https:\/\/www.musclenutrition.com.mx\/wp-content\/uploads\/2023\/08\/C4-Sport-de-Cellucor.webp",600,600,false],"woocommerce_thumbnail":["https:\/\/www.musclenutrition.com.mx\/wp-content\/uploads\/2023\/08\/C4-Sport-de-Cellucor-300x300.webp",300,300,true],"woocommerce_single":["https:\/\/www.musclenutrition.com.mx\/wp-content\/uploads\/2023\/08\/C4-Sport-de-Cellucor.webp",600,600,false],"woocommerce_gallery_thumbnail":["https:\/\/www.musclenutrition.com.mx\/wp-content\/uploads\/2023\/08\/C4-Sport-de-Cellucor-100x100.webp",100,100,true],"dgwt-wcas-product-suggestion":["https:\/\/www.musclenutrition.com.mx\/wp-content\/uploads\/2023\/08\/C4-Sport-de-Cellucor.webp",64,64,false]},"uagb_author_info":{"display_name":"benjaming","author_link":"https:\/\/www.musclenutrition.com.mx\/index.php\/author\/"},"uagb_comment_info":0,"uagb_excerpt":"C4 Sport C4 Pre-Workout de Cellucor es pura energ\u00eda gracias su exclusiva combinaci\u00f3n de ingredientes. Posee la capacidad de incendiar tu mente, m\u00fasculos y entrenamiento d\u00eda tras d\u00eda.\u00a1Con C4 Pre-Workout obtendr\u00e1s m\u00e1s energ\u00eda y fuerza de lo que jam\u00e1s habr\u00edas podido imaginar. Obtendr\u00e1s esa repetici\u00f3n extra, completar la \u00faltima serie\u2026 arrasando tus marcas anteriores tanto&hellip;","_links":{"self":[{"href":"https:\/\/www.musclenutrition.com.mx\/index.php\/wp-json\/wp\/v2\/product\/1412","targetHints":{"allow":["GET"]}}],"collection":[{"href":"https:\/\/www.musclenutrition.com.mx\/index.php\/wp-json\/wp\/v2\/product"}],"about":[{"href":"https:\/\/www.musclenutrition.com.mx\/index.php\/wp-json\/wp\/v2\/types\/product"}],"replies":[{"embeddable":true,"href":"https:\/\/www.musclenutrition.com.mx\/index.php\/wp-json\/wp\/v2\/comments?post=1412"}],"wp:featuredmedia":[{"embeddable":true,"href":"https:\/\/www.musclenutrition.com.mx\/index.php\/wp-json\/wp\/v2\/media\/1415"}],"wp:attachment":[{"href":"https:\/\/www.musclenutrition.com.mx\/index.php\/wp-json\/wp\/v2\/media?parent=1412"}],"wp:term":[{"taxonomy":"product_brand","embeddable":true,"href":"https:\/\/www.musclenutrition.com.mx\/index.php\/wp-json\/wp\/v2\/product_brand?post=1412"},{"taxonomy":"product_cat","embeddable":true,"href":"https:\/\/www.musclenutrition.com.mx\/index.php\/wp-json\/wp\/v2\/product_cat?post=1412"},{"taxonomy":"product_tag","embeddable":true,"href":"https:\/\/www.musclenutrition.com.mx\/index.php\/wp-json\/wp\/v2\/product_tag?post=1412"}],"curies":[{"name":"wp","href":"https:\/\/api.w.org\/{rel}","templated":true}]}}