{"id":1389,"date":"2023-08-27T16:51:42","date_gmt":"2023-08-27T16:51:42","guid":{"rendered":"https:\/\/musclenutrition.com.mx\/?post_type=product&#038;p=1389"},"modified":"2024-11-08T14:49:56","modified_gmt":"2024-11-08T20:49:56","slug":"bnox-1-4lbs","status":"publish","type":"product","link":"https:\/\/www.musclenutrition.com.mx\/index.php\/producto\/bnox-1-4lbs\/","title":{"rendered":"BNOX ANDRORUSH"},"content":{"rendered":"<p>B-Nox<\/p>\n<p>B-NOX ANDRORUSH<br \/>\n\u2714 Energ\u00eda superior: formulado cient\u00edficamente para enfocarse en la energ\u00eda r\u00e1pida y la intensidad de la rutina de ejercicios. Proporciona 200 mg de cafe\u00edna, teobromina y ra\u00edz de remolacha en polvo para respaldar los niveles de energ\u00eda y el m\u00e1ximo rendimiento.<\/p>\n<p>\u2714 Encendedor de testosterona: proporciona ingredientes bot\u00e1nicos 100 % naturales que han sido cl\u00ednicamente estudiados para respaldar niveles saludables de testosterona en el cuerpo. Combinando ra\u00edz de maca, extracto de tribulus estandarizado para contener un 40 % de saponinas y ra\u00edz de ortiga para ayudar a promover, mantener y proteger los niveles saludables de testosterona en el cuerpo.<\/p>\n<p>\u2714 Fuerza + resistencia: pol\u00edmeros de glucosa (maltodextrina), L-taurina, beta-alanina (como CarnoSyn\u00ae), malato de dicreatina y glucuronolactona para brindar fuerza y energ\u00eda sostenidas durante todo el entrenamiento. Nuestra mezcla de fuerza y resistencia se formul\u00f3 estrat\u00e9gicamente para ayudar a garantizar que los efectos de B-NOX\u00ae duren toda su rutina de ejercicios.<\/p>\n<p>\u2714 Solidificaci\u00f3n anab\u00f3lica: suministro de monohidrato de creatina, creatina etil \u00e9ster HCL y creatina AKG para apoyar el crecimiento y el rendimiento muscular. Se ha demostrado cient\u00edficamente que el monohidrato de creatina ayuda a mantener la resistencia muscular, el tama\u00f1o, la fuerza y la funci\u00f3n cognitiva. Creatine Ethyl Ester HCL proporciona beneficios similares al monohidrato, pero se ha demostrado que proporciona una mayor biodisponibilidad. La creatina AKG est\u00e1 unida al alfa-cetoglutarato, que es un precursor de la producci\u00f3n de \u00f3xido n\u00edtrico en el cuerpo. Al combinar creatina con alfa-cetoglutarato, B-NOX\u00ae Androrush\u00ae ayuda a mejorar el flujo sangu\u00edneo y aumenta la entrega de nutrientes clave.<\/p>\n","protected":false},"excerpt":{"rendered":"<p>B-Nox B-NOX ANDRORUSH \u2714 Energ\u00eda superior: formulado cient\u00edficamente para enfocarse en la energ\u00eda r\u00e1pida y la intensidad de la rutina de ejercicios. Proporciona 200 mg de cafe\u00edna, teobromina y ra\u00edz de remolacha en polvo para respaldar los niveles de energ\u00eda y el m\u00e1ximo rendimiento. \u2714 Encendedor de testosterona: proporciona ingredientes bot\u00e1nicos 100 % naturales que &hellip;<\/p>\n<p class=\"read-more\"> <a class=\"\" href=\"https:\/\/www.musclenutrition.com.mx\/index.php\/producto\/bnox-1-4lbs\/\"> <span class=\"screen-reader-text\">BNOX ANDRORUSH<\/span> Leer m\u00e1s &raquo;<\/a><\/p>\n","protected":false},"featured_media":2384,"comment_status":"open","ping_status":"closed","template":"","meta":{"_uag_custom_page_level_css":"","site-sidebar-layout":"default","site-content-layout":"default","ast-global-header-display":"","ast-banner-title-visibility":"","ast-main-header-display":"","ast-hfb-above-header-display":"","ast-hfb-below-header-display":"","ast-hfb-mobile-header-display":"","site-post-title":"","ast-breadcrumbs-content":"","ast-featured-img":"","footer-sml-layout":"","theme-transparent-header-meta":"default","adv-header-id-meta":"","stick-header-meta":"","header-above-stick-meta":"","header-main-stick-meta":"","header-below-stick-meta":""},"product_brand":[],"product_cat":[35],"product_tag":[],"class_list":{"0":"post-1389","1":"product","2":"type-product","3":"status-publish","4":"has-post-thumbnail","6":"product_cat-pre-entrenos","7":"desktop-align-left","8":"tablet-align-left","9":"mobile-align-left","11":"first","12":"outofstock","13":"shipping-taxable","14":"purchasable","15":"product-type-variable"},"ams_default_variation_id":0,"ams_product_points_reward":[],"ams_product_discount_percentage":0,"ams_price_to_display":490,"ams_acf":[],"uagb_featured_image_src":{"full":["https:\/\/www.musclenutrition.com.mx\/wp-content\/uploads\/2023\/08\/BNOX-1.webp",1200,1200,false],"thumbnail":["https:\/\/www.musclenutrition.com.mx\/wp-content\/uploads\/2023\/08\/BNOX-1-150x150.webp",150,150,true],"medium":["https:\/\/www.musclenutrition.com.mx\/wp-content\/uploads\/2023\/08\/BNOX-1-300x300.webp",300,300,true],"medium_large":["https:\/\/www.musclenutrition.com.mx\/wp-content\/uploads\/2023\/08\/BNOX-1-768x768.webp",768,768,true],"large":["https:\/\/www.musclenutrition.com.mx\/wp-content\/uploads\/2023\/08\/BNOX-1-1024x1024.webp",1024,1024,true],"1536x1536":["https:\/\/www.musclenutrition.com.mx\/wp-content\/uploads\/2023\/08\/BNOX-1.webp",1200,1200,false],"2048x2048":["https:\/\/www.musclenutrition.com.mx\/wp-content\/uploads\/2023\/08\/BNOX-1.webp",1200,1200,false],"woocommerce_thumbnail":["https:\/\/www.musclenutrition.com.mx\/wp-content\/uploads\/2023\/08\/BNOX-1-300x300.webp",300,300,true],"woocommerce_single":["https:\/\/www.musclenutrition.com.mx\/wp-content\/uploads\/2023\/08\/BNOX-1-600x600.webp",600,600,true],"woocommerce_gallery_thumbnail":["https:\/\/www.musclenutrition.com.mx\/wp-content\/uploads\/2023\/08\/BNOX-1-100x100.webp",100,100,true],"dgwt-wcas-product-suggestion":["https:\/\/www.musclenutrition.com.mx\/wp-content\/uploads\/2023\/08\/BNOX-1-64x64.webp",64,64,true]},"uagb_author_info":{"display_name":"benjaming","author_link":"https:\/\/www.musclenutrition.com.mx\/index.php\/author\/"},"uagb_comment_info":0,"uagb_excerpt":"B-Nox B-NOX ANDRORUSH \u2714 Energ\u00eda superior: formulado cient\u00edficamente para enfocarse en la energ\u00eda r\u00e1pida y la intensidad de la rutina de ejercicios. Proporciona 200 mg de cafe\u00edna, teobromina y ra\u00edz de remolacha en polvo para respaldar los niveles de energ\u00eda y el m\u00e1ximo rendimiento. \u2714 Encendedor de testosterona: proporciona ingredientes bot\u00e1nicos 100 % naturales que&hellip;","_links":{"self":[{"href":"https:\/\/www.musclenutrition.com.mx\/index.php\/wp-json\/wp\/v2\/product\/1389","targetHints":{"allow":["GET"]}}],"collection":[{"href":"https:\/\/www.musclenutrition.com.mx\/index.php\/wp-json\/wp\/v2\/product"}],"about":[{"href":"https:\/\/www.musclenutrition.com.mx\/index.php\/wp-json\/wp\/v2\/types\/product"}],"replies":[{"embeddable":true,"href":"https:\/\/www.musclenutrition.com.mx\/index.php\/wp-json\/wp\/v2\/comments?post=1389"}],"wp:featuredmedia":[{"embeddable":true,"href":"https:\/\/www.musclenutrition.com.mx\/index.php\/wp-json\/wp\/v2\/media\/2384"}],"wp:attachment":[{"href":"https:\/\/www.musclenutrition.com.mx\/index.php\/wp-json\/wp\/v2\/media?parent=1389"}],"wp:term":[{"taxonomy":"product_brand","embeddable":true,"href":"https:\/\/www.musclenutrition.com.mx\/index.php\/wp-json\/wp\/v2\/product_brand?post=1389"},{"taxonomy":"product_cat","embeddable":true,"href":"https:\/\/www.musclenutrition.com.mx\/index.php\/wp-json\/wp\/v2\/product_cat?post=1389"},{"taxonomy":"product_tag","embeddable":true,"href":"https:\/\/www.musclenutrition.com.mx\/index.php\/wp-json\/wp\/v2\/product_tag?post=1389"}],"curies":[{"name":"wp","href":"https:\/\/api.w.org\/{rel}","templated":true}]}}