{"id":1371,"date":"2023-08-27T16:41:48","date_gmt":"2023-08-27T16:41:48","guid":{"rendered":"https:\/\/musclenutrition.com.mx\/?post_type=product&#038;p=1371"},"modified":"2026-03-05T11:48:08","modified_gmt":"2026-03-05T17:48:08","slug":"on-serious-mass-12lbs","status":"publish","type":"product","link":"https:\/\/www.musclenutrition.com.mx\/index.php\/producto\/on-serious-mass-12lbs\/","title":{"rendered":"ON SERIOUS MASS 12LBS"},"content":{"rendered":"<p><strong>ON SERIOUS MASS<\/strong><\/p>\n<p>Serious Mass es un excelente suplemento cal\u00f3rico que aporta un exceso de calor\u00edas basadas en una combinaci\u00f3n de carbohidratos y prote\u00ednas con el m\u00ednimo de grasa que junto con una dieta y un entrenamiento adecuado le brindar\u00e1n un perfecto material de construcci\u00f3n muscular dando la posibilidad de suprimir una o dos comidas al d\u00eda.<br \/>\nSerious Mass de Optimum Nutrition es el \u00fanico ganador de peso que te aportar\u00e1 252 gr. de cabohidratos por servicio adem\u00e1s de 50 gr. de prote\u00edna, vitaminas y minerales, adem\u00e1s de creatina y glutamina.<br \/>\nSu formulaci\u00f3n est\u00e1 especialmente pensada y dise\u00f1ada para personas que deseen tener un rendimiento deportivo de alto nivel y GANAR PESO, y en especial para aquellas personas que tienen problemas a la hora de subir de peso. Seas hombre o mujer, sin duda, Serious Mass es lo que estaban buscando!<\/p>\n<p>Ventajas de Serious Mass sobre otros ganadores de peso.<br \/>\nSerious Mass de Optimum Nutrition posee mezclas de las mejores prote\u00ednas (suero de leche, caseinato, alb\u00famina de huevo entre otras) lo que te garantiza la dosis justa de prote\u00ednas que tu cuerpo necesita .<br \/>\nPosee una mezcla de carbohidratos simples y complejos (de r\u00e1pida y lenta absorci\u00f3n) de manera que te entrega un aporte de energ\u00eda constante y que no es acumulado como grasa.<br \/>\nSerious Mass contiene glutamina y creatina lo cual lo hace a\u00fan m\u00e1s efectivo ya que te entregar\u00e1 un alt\u00edsimo nivel de fuerza y favorecer\u00e1 a una mejor recuperaci\u00f3n.<br \/>\nSerious Mass: lo \u00faltimo en f\u00f3rmulas para ganar peso, te ofrece las herramientas para conseguir el tama\u00f1o y el f\u00edsico que siempre has so\u00f1ado!<\/p>\n","protected":false},"excerpt":{"rendered":"<p>ON SERIOUS MASS Serious Mass es un excelente suplemento cal\u00f3rico que aporta un exceso de calor\u00edas basadas en una combinaci\u00f3n de carbohidratos y prote\u00ednas con el m\u00ednimo de grasa que junto con una dieta y un entrenamiento adecuado le brindar\u00e1n un perfecto material de construcci\u00f3n muscular dando la posibilidad de suprimir una o dos comidas &hellip;<\/p>\n<p class=\"read-more\"> <a class=\"\" href=\"https:\/\/www.musclenutrition.com.mx\/index.php\/producto\/on-serious-mass-12lbs\/\"> <span class=\"screen-reader-text\">ON SERIOUS MASS 12LBS<\/span> Leer m\u00e1s &raquo;<\/a><\/p>\n","protected":false},"featured_media":5199,"comment_status":"open","ping_status":"closed","template":"","meta":{"_uag_custom_page_level_css":"","site-sidebar-layout":"default","site-content-layout":"default","ast-global-header-display":"","ast-banner-title-visibility":"","ast-main-header-display":"","ast-hfb-above-header-display":"","ast-hfb-below-header-display":"","ast-hfb-mobile-header-display":"","site-post-title":"","ast-breadcrumbs-content":"","ast-featured-img":"","footer-sml-layout":"","theme-transparent-header-meta":"default","adv-header-id-meta":"","stick-header-meta":"","header-above-stick-meta":"","header-main-stick-meta":"","header-below-stick-meta":""},"product_brand":[],"product_cat":[32],"product_tag":[],"class_list":{"0":"post-1371","1":"product","2":"type-product","3":"status-publish","4":"has-post-thumbnail","6":"product_cat-ganadores-de-peso","7":"desktop-align-left","8":"tablet-align-left","9":"mobile-align-left","11":"first","12":"instock","13":"shipping-taxable","14":"purchasable","15":"product-type-variable"},"ams_default_variation_id":0,"ams_product_points_reward":[],"ams_product_discount_percentage":0,"ams_price_to_display":1250,"ams_acf":[],"uagb_featured_image_src":{"full":["https:\/\/www.musclenutrition.com.mx\/wp-content\/uploads\/2023\/08\/copyright-www.trufit.eu-1100-optimum-nutrition-serious-mass-5450g.png",1100,1100,false],"thumbnail":["https:\/\/www.musclenutrition.com.mx\/wp-content\/uploads\/2023\/08\/copyright-www.trufit.eu-1100-optimum-nutrition-serious-mass-5450g-150x150.png",150,150,true],"medium":["https:\/\/www.musclenutrition.com.mx\/wp-content\/uploads\/2023\/08\/copyright-www.trufit.eu-1100-optimum-nutrition-serious-mass-5450g-300x300.png",300,300,true],"medium_large":["https:\/\/www.musclenutrition.com.mx\/wp-content\/uploads\/2023\/08\/copyright-www.trufit.eu-1100-optimum-nutrition-serious-mass-5450g-768x768.png",768,768,true],"large":["https:\/\/www.musclenutrition.com.mx\/wp-content\/uploads\/2023\/08\/copyright-www.trufit.eu-1100-optimum-nutrition-serious-mass-5450g-1024x1024.png",1024,1024,true],"1536x1536":["https:\/\/www.musclenutrition.com.mx\/wp-content\/uploads\/2023\/08\/copyright-www.trufit.eu-1100-optimum-nutrition-serious-mass-5450g.png",1100,1100,false],"2048x2048":["https:\/\/www.musclenutrition.com.mx\/wp-content\/uploads\/2023\/08\/copyright-www.trufit.eu-1100-optimum-nutrition-serious-mass-5450g.png",1100,1100,false],"woocommerce_thumbnail":["https:\/\/www.musclenutrition.com.mx\/wp-content\/uploads\/2023\/08\/copyright-www.trufit.eu-1100-optimum-nutrition-serious-mass-5450g-300x300.png",300,300,true],"woocommerce_single":["https:\/\/www.musclenutrition.com.mx\/wp-content\/uploads\/2023\/08\/copyright-www.trufit.eu-1100-optimum-nutrition-serious-mass-5450g-600x600.png",600,600,true],"woocommerce_gallery_thumbnail":["https:\/\/www.musclenutrition.com.mx\/wp-content\/uploads\/2023\/08\/copyright-www.trufit.eu-1100-optimum-nutrition-serious-mass-5450g-100x100.png",100,100,true],"dgwt-wcas-product-suggestion":["https:\/\/www.musclenutrition.com.mx\/wp-content\/uploads\/2023\/08\/copyright-www.trufit.eu-1100-optimum-nutrition-serious-mass-5450g-64x64.png",64,64,true]},"uagb_author_info":{"display_name":"benjaming","author_link":"https:\/\/www.musclenutrition.com.mx\/index.php\/author\/"},"uagb_comment_info":0,"uagb_excerpt":"ON SERIOUS MASS Serious Mass es un excelente suplemento cal\u00f3rico que aporta un exceso de calor\u00edas basadas en una combinaci\u00f3n de carbohidratos y prote\u00ednas con el m\u00ednimo de grasa que junto con una dieta y un entrenamiento adecuado le brindar\u00e1n un perfecto material de construcci\u00f3n muscular dando la posibilidad de suprimir una o dos comidas&hellip;","_links":{"self":[{"href":"https:\/\/www.musclenutrition.com.mx\/index.php\/wp-json\/wp\/v2\/product\/1371","targetHints":{"allow":["GET"]}}],"collection":[{"href":"https:\/\/www.musclenutrition.com.mx\/index.php\/wp-json\/wp\/v2\/product"}],"about":[{"href":"https:\/\/www.musclenutrition.com.mx\/index.php\/wp-json\/wp\/v2\/types\/product"}],"replies":[{"embeddable":true,"href":"https:\/\/www.musclenutrition.com.mx\/index.php\/wp-json\/wp\/v2\/comments?post=1371"}],"wp:featuredmedia":[{"embeddable":true,"href":"https:\/\/www.musclenutrition.com.mx\/index.php\/wp-json\/wp\/v2\/media\/5199"}],"wp:attachment":[{"href":"https:\/\/www.musclenutrition.com.mx\/index.php\/wp-json\/wp\/v2\/media?parent=1371"}],"wp:term":[{"taxonomy":"product_brand","embeddable":true,"href":"https:\/\/www.musclenutrition.com.mx\/index.php\/wp-json\/wp\/v2\/product_brand?post=1371"},{"taxonomy":"product_cat","embeddable":true,"href":"https:\/\/www.musclenutrition.com.mx\/index.php\/wp-json\/wp\/v2\/product_cat?post=1371"},{"taxonomy":"product_tag","embeddable":true,"href":"https:\/\/www.musclenutrition.com.mx\/index.php\/wp-json\/wp\/v2\/product_tag?post=1371"}],"curies":[{"name":"wp","href":"https:\/\/api.w.org\/{rel}","templated":true}]}}