{"id":1335,"date":"2023-08-27T16:27:51","date_gmt":"2023-08-27T16:27:51","guid":{"rendered":"https:\/\/musclenutrition.com.mx\/?post_type=product&#038;p=1335"},"modified":"2026-03-18T16:14:21","modified_gmt":"2026-03-18T22:14:21","slug":"gaspari-real-mass-12lbs","status":"publish","type":"product","link":"https:\/\/www.musclenutrition.com.mx\/index.php\/producto\/gaspari-real-mass-12lbs\/","title":{"rendered":"GASPARI REAL MASS 12LBS"},"content":{"rendered":"<p><strong>GASPARI REAL MASS<\/strong><\/p>\n<p>Real Mass de GASPARI NUTRITION contiene la mas concentrada combinaci\u00f3n de prote\u00edna (iso-aislado de suero de prote\u00edna, concentrado de suero de prote\u00edna, albumen de huevo, aislado de prote\u00edna de leche) y una mezcla propia de carbohidratos para obtener las mejores reservas de gluc\u00f3geno en las c\u00e9lulas musculares.<\/p>\n<p>Real Mass contiene un ingrediente mim\u00e9tico de la insulia, ingrediente natural que promueve los mismos efectos de la insulina, para favorecer el efecto de los carbohidratos y nutrientes al entrar al m\u00fasculo: 4-HIDROXI-ISOLEUCINA. Este compuesto ayuda a llevar importantes macronutrientes de una manera m\u00e1s efectiva a los m\u00fasculos para facilitar el crecimiento y la recuperaci\u00f3n. \u00a1Aumentar\u00e1s de tama\u00f1o muscular sin aumentar de barriga!<\/p>\n","protected":false},"excerpt":{"rendered":"<p>GASPARI REAL MASS Real Mass de GASPARI NUTRITION contiene la mas concentrada combinaci\u00f3n de prote\u00edna (iso-aislado de suero de prote\u00edna, concentrado de suero de prote\u00edna, albumen de huevo, aislado de prote\u00edna de leche) y una mezcla propia de carbohidratos para obtener las mejores reservas de gluc\u00f3geno en las c\u00e9lulas musculares. Real Mass contiene un ingrediente &hellip;<\/p>\n<p class=\"read-more\"> <a class=\"\" href=\"https:\/\/www.musclenutrition.com.mx\/index.php\/producto\/gaspari-real-mass-12lbs\/\"> <span class=\"screen-reader-text\">GASPARI REAL MASS 12LBS<\/span> Leer m\u00e1s &raquo;<\/a><\/p>\n","protected":false},"featured_media":1336,"comment_status":"open","ping_status":"closed","template":"","meta":{"_uag_custom_page_level_css":"","site-sidebar-layout":"default","site-content-layout":"default","ast-global-header-display":"","ast-banner-title-visibility":"","ast-main-header-display":"","ast-hfb-above-header-display":"","ast-hfb-below-header-display":"","ast-hfb-mobile-header-display":"","site-post-title":"","ast-breadcrumbs-content":"","ast-featured-img":"","footer-sml-layout":"","theme-transparent-header-meta":"default","adv-header-id-meta":"","stick-header-meta":"","header-above-stick-meta":"","header-main-stick-meta":"","header-below-stick-meta":""},"product_brand":[],"product_cat":[32],"product_tag":[],"class_list":{"0":"post-1335","1":"product","2":"type-product","3":"status-publish","4":"has-post-thumbnail","6":"product_cat-ganadores-de-peso","7":"desktop-align-left","8":"tablet-align-left","9":"mobile-align-left","11":"first","12":"instock","13":"shipping-taxable","14":"purchasable","15":"product-type-variable"},"ams_default_variation_id":0,"ams_product_points_reward":[],"ams_product_discount_percentage":0,"ams_price_to_display":1050,"ams_acf":[],"uagb_featured_image_src":{"full":["https:\/\/www.musclenutrition.com.mx\/wp-content\/uploads\/2023\/08\/GASPARI-REAL-MASS.png",500,500,false],"thumbnail":["https:\/\/www.musclenutrition.com.mx\/wp-content\/uploads\/2023\/08\/GASPARI-REAL-MASS-150x150.png",150,150,true],"medium":["https:\/\/www.musclenutrition.com.mx\/wp-content\/uploads\/2023\/08\/GASPARI-REAL-MASS-300x300.png",300,300,true],"medium_large":["https:\/\/www.musclenutrition.com.mx\/wp-content\/uploads\/2023\/08\/GASPARI-REAL-MASS.png",500,500,false],"large":["https:\/\/www.musclenutrition.com.mx\/wp-content\/uploads\/2023\/08\/GASPARI-REAL-MASS.png",500,500,false],"1536x1536":["https:\/\/www.musclenutrition.com.mx\/wp-content\/uploads\/2023\/08\/GASPARI-REAL-MASS.png",500,500,false],"2048x2048":["https:\/\/www.musclenutrition.com.mx\/wp-content\/uploads\/2023\/08\/GASPARI-REAL-MASS.png",500,500,false],"woocommerce_thumbnail":["https:\/\/www.musclenutrition.com.mx\/wp-content\/uploads\/2023\/08\/GASPARI-REAL-MASS-300x300.png",300,300,true],"woocommerce_single":["https:\/\/www.musclenutrition.com.mx\/wp-content\/uploads\/2023\/08\/GASPARI-REAL-MASS.png",500,500,false],"woocommerce_gallery_thumbnail":["https:\/\/www.musclenutrition.com.mx\/wp-content\/uploads\/2023\/08\/GASPARI-REAL-MASS-100x100.png",100,100,true],"dgwt-wcas-product-suggestion":["https:\/\/www.musclenutrition.com.mx\/wp-content\/uploads\/2023\/08\/GASPARI-REAL-MASS.png",64,64,false]},"uagb_author_info":{"display_name":"benjaming","author_link":"https:\/\/www.musclenutrition.com.mx\/index.php\/author\/"},"uagb_comment_info":0,"uagb_excerpt":"GASPARI REAL MASS Real Mass de GASPARI NUTRITION contiene la mas concentrada combinaci\u00f3n de prote\u00edna (iso-aislado de suero de prote\u00edna, concentrado de suero de prote\u00edna, albumen de huevo, aislado de prote\u00edna de leche) y una mezcla propia de carbohidratos para obtener las mejores reservas de gluc\u00f3geno en las c\u00e9lulas musculares. Real Mass contiene un ingrediente&hellip;","_links":{"self":[{"href":"https:\/\/www.musclenutrition.com.mx\/index.php\/wp-json\/wp\/v2\/product\/1335","targetHints":{"allow":["GET"]}}],"collection":[{"href":"https:\/\/www.musclenutrition.com.mx\/index.php\/wp-json\/wp\/v2\/product"}],"about":[{"href":"https:\/\/www.musclenutrition.com.mx\/index.php\/wp-json\/wp\/v2\/types\/product"}],"replies":[{"embeddable":true,"href":"https:\/\/www.musclenutrition.com.mx\/index.php\/wp-json\/wp\/v2\/comments?post=1335"}],"wp:featuredmedia":[{"embeddable":true,"href":"https:\/\/www.musclenutrition.com.mx\/index.php\/wp-json\/wp\/v2\/media\/1336"}],"wp:attachment":[{"href":"https:\/\/www.musclenutrition.com.mx\/index.php\/wp-json\/wp\/v2\/media?parent=1335"}],"wp:term":[{"taxonomy":"product_brand","embeddable":true,"href":"https:\/\/www.musclenutrition.com.mx\/index.php\/wp-json\/wp\/v2\/product_brand?post=1335"},{"taxonomy":"product_cat","embeddable":true,"href":"https:\/\/www.musclenutrition.com.mx\/index.php\/wp-json\/wp\/v2\/product_cat?post=1335"},{"taxonomy":"product_tag","embeddable":true,"href":"https:\/\/www.musclenutrition.com.mx\/index.php\/wp-json\/wp\/v2\/product_tag?post=1335"}],"curies":[{"name":"wp","href":"https:\/\/api.w.org\/{rel}","templated":true}]}}