{"id":1320,"date":"2023-08-27T16:20:18","date_gmt":"2023-08-27T16:20:18","guid":{"rendered":"https:\/\/musclenutrition.com.mx\/?post_type=product&#038;p=1320"},"modified":"2026-03-24T14:54:50","modified_gmt":"2026-03-24T20:54:50","slug":"nutrex-creatina-300g","status":"publish","type":"product","link":"https:\/\/www.musclenutrition.com.mx\/index.php\/producto\/nutrex-creatina-300g\/","title":{"rendered":"NUTREX CREATINA 300g"},"content":{"rendered":"<p><strong>NUTREX CREATINA<\/strong><\/p>\n<p>No toda la creatina es igual. La creatina de Nutrex se produce con un proceso de fabricaci\u00f3n patentado que garantiza el m\u00e1s seguro y m\u00e1s puro monohidrato de creatina y m\u00e1s concentrada que puedes encontrar.<br \/>\nLa ciencia ha demostrado que las dosis peque\u00f1as y concentradas de monohidrato de creatina aumenta los niveles m\u00e1ximos en el plasma sangu\u00edneo. Atr\u00e1s han quedado los d\u00edas de dosis alta y las fases de carga.<\/p>\n<p>1-100% de creatina puro y concentrado<br \/>\n2-No es necesario cargar<br \/>\n3-Incluye cuchara de medici\u00f3n para una dosificaci\u00f3n precisa<br \/>\n4-Sin sabor por lo que se puede a\u00f1adir a cualquier bebida<\/p>\n","protected":false},"excerpt":{"rendered":"<p>NUTREX CREATINA No toda la creatina es igual. La creatina de Nutrex se produce con un proceso de fabricaci\u00f3n patentado que garantiza el m\u00e1s seguro y m\u00e1s puro monohidrato de creatina y m\u00e1s concentrada que puedes encontrar. La ciencia ha demostrado que las dosis peque\u00f1as y concentradas de monohidrato de creatina aumenta los niveles m\u00e1ximos &hellip;<\/p>\n<p class=\"read-more\"> <a class=\"\" href=\"https:\/\/www.musclenutrition.com.mx\/index.php\/producto\/nutrex-creatina-300g\/\"> <span class=\"screen-reader-text\">NUTREX CREATINA 300g<\/span> Leer m\u00e1s &raquo;<\/a><\/p>\n","protected":false},"featured_media":4656,"comment_status":"open","ping_status":"closed","template":"","meta":{"_uag_custom_page_level_css":"","site-sidebar-layout":"default","site-content-layout":"default","ast-global-header-display":"","ast-banner-title-visibility":"","ast-main-header-display":"","ast-hfb-above-header-display":"","ast-hfb-below-header-display":"","ast-hfb-mobile-header-display":"","site-post-title":"","ast-breadcrumbs-content":"","ast-featured-img":"","footer-sml-layout":"","theme-transparent-header-meta":"default","adv-header-id-meta":"","stick-header-meta":"","header-above-stick-meta":"","header-main-stick-meta":"","header-below-stick-meta":""},"product_brand":[],"product_cat":[51,31],"product_tag":[],"class_list":{"0":"post-1320","1":"product","2":"type-product","3":"status-publish","4":"has-post-thumbnail","6":"product_cat-ofertas","7":"product_cat-creatinas","8":"desktop-align-left","9":"tablet-align-left","10":"mobile-align-left","12":"first","13":"instock","14":"sale","15":"shipping-taxable","16":"purchasable","17":"product-type-simple"},"ams_default_variation_id":0,"ams_product_points_reward":[],"ams_product_discount_percentage":11.11,"ams_price_to_display":400,"ams_acf":[],"uagb_featured_image_src":{"full":["https:\/\/www.musclenutrition.com.mx\/wp-content\/uploads\/2023\/08\/39.jpg",800,800,false],"thumbnail":["https:\/\/www.musclenutrition.com.mx\/wp-content\/uploads\/2023\/08\/39-150x150.jpg",150,150,true],"medium":["https:\/\/www.musclenutrition.com.mx\/wp-content\/uploads\/2023\/08\/39-300x300.jpg",300,300,true],"medium_large":["https:\/\/www.musclenutrition.com.mx\/wp-content\/uploads\/2023\/08\/39-768x768.jpg",768,768,true],"large":["https:\/\/www.musclenutrition.com.mx\/wp-content\/uploads\/2023\/08\/39.jpg",800,800,false],"1536x1536":["https:\/\/www.musclenutrition.com.mx\/wp-content\/uploads\/2023\/08\/39.jpg",800,800,false],"2048x2048":["https:\/\/www.musclenutrition.com.mx\/wp-content\/uploads\/2023\/08\/39.jpg",800,800,false],"woocommerce_thumbnail":["https:\/\/www.musclenutrition.com.mx\/wp-content\/uploads\/2023\/08\/39-300x300.jpg",300,300,true],"woocommerce_single":["https:\/\/www.musclenutrition.com.mx\/wp-content\/uploads\/2023\/08\/39-600x600.jpg",600,600,true],"woocommerce_gallery_thumbnail":["https:\/\/www.musclenutrition.com.mx\/wp-content\/uploads\/2023\/08\/39-100x100.jpg",100,100,true],"dgwt-wcas-product-suggestion":["https:\/\/www.musclenutrition.com.mx\/wp-content\/uploads\/2023\/08\/39-64x64.jpg",64,64,true]},"uagb_author_info":{"display_name":"benjaming","author_link":"https:\/\/www.musclenutrition.com.mx\/index.php\/author\/"},"uagb_comment_info":0,"uagb_excerpt":"NUTREX CREATINA No toda la creatina es igual. La creatina de Nutrex se produce con un proceso de fabricaci\u00f3n patentado que garantiza el m\u00e1s seguro y m\u00e1s puro monohidrato de creatina y m\u00e1s concentrada que puedes encontrar. La ciencia ha demostrado que las dosis peque\u00f1as y concentradas de monohidrato de creatina aumenta los niveles m\u00e1ximos&hellip;","_links":{"self":[{"href":"https:\/\/www.musclenutrition.com.mx\/index.php\/wp-json\/wp\/v2\/product\/1320","targetHints":{"allow":["GET"]}}],"collection":[{"href":"https:\/\/www.musclenutrition.com.mx\/index.php\/wp-json\/wp\/v2\/product"}],"about":[{"href":"https:\/\/www.musclenutrition.com.mx\/index.php\/wp-json\/wp\/v2\/types\/product"}],"replies":[{"embeddable":true,"href":"https:\/\/www.musclenutrition.com.mx\/index.php\/wp-json\/wp\/v2\/comments?post=1320"}],"wp:featuredmedia":[{"embeddable":true,"href":"https:\/\/www.musclenutrition.com.mx\/index.php\/wp-json\/wp\/v2\/media\/4656"}],"wp:attachment":[{"href":"https:\/\/www.musclenutrition.com.mx\/index.php\/wp-json\/wp\/v2\/media?parent=1320"}],"wp:term":[{"taxonomy":"product_brand","embeddable":true,"href":"https:\/\/www.musclenutrition.com.mx\/index.php\/wp-json\/wp\/v2\/product_brand?post=1320"},{"taxonomy":"product_cat","embeddable":true,"href":"https:\/\/www.musclenutrition.com.mx\/index.php\/wp-json\/wp\/v2\/product_cat?post=1320"},{"taxonomy":"product_tag","embeddable":true,"href":"https:\/\/www.musclenutrition.com.mx\/index.php\/wp-json\/wp\/v2\/product_tag?post=1320"}],"curies":[{"name":"wp","href":"https:\/\/api.w.org\/{rel}","templated":true}]}}