{"id":1245,"date":"2023-08-27T15:42:26","date_gmt":"2023-08-27T15:42:26","guid":{"rendered":"https:\/\/musclenutrition.com.mx\/?post_type=product&#038;p=1245"},"modified":"2026-04-14T18:10:59","modified_gmt":"2026-04-15T00:10:59","slug":"ryse-bcaa","status":"publish","type":"product","link":"https:\/\/www.musclenutrition.com.mx\/index.php\/producto\/ryse-bcaa\/","title":{"rendered":"RYSE BCAA"},"content":{"rendered":"<p>BCAA FOCUS fue dise\u00f1ado espec\u00edficamente para ser vers\u00e1til, tiene una combinaci\u00f3n de BCAA, electrolitos y apoyo para la concentraci\u00f3n, este producto ofrece m\u00faltiples beneficios para tu estilo de vida activo.<\/p>\n<ul>\n<li>Enciende la recuperaci\u00f3n durante su entrenamiento o d\u00eda con una proporci\u00f3n de BCAA de 2: 1: 1<\/li>\n<li>Disfrute de la energ\u00eda del mediod\u00eda con 80 mg de cafe\u00edna natural<\/li>\n<li>Apoye el enfoque adicional con bitartrato de colina y Cognizin<\/li>\n<li>Mantenga la hidrataci\u00f3n con electrolitos esenciales que incluyen sodio y potasio<\/li>\n<\/ul>\n","protected":false},"excerpt":{"rendered":"<p>BCAA FOCUS fue dise\u00f1ado espec\u00edficamente para ser vers\u00e1til, tiene una combinaci\u00f3n de BCAA, electrolitos y apoyo para la concentraci\u00f3n, este producto ofrece m\u00faltiples beneficios para tu estilo de vida activo. Enciende la recuperaci\u00f3n durante su entrenamiento o d\u00eda con una proporci\u00f3n de BCAA de 2: 1: 1 Disfrute de la energ\u00eda del mediod\u00eda con 80 &hellip;<\/p>\n<p class=\"read-more\"> <a class=\"\" href=\"https:\/\/www.musclenutrition.com.mx\/index.php\/producto\/ryse-bcaa\/\"> <span class=\"screen-reader-text\">RYSE BCAA<\/span> Leer m\u00e1s &raquo;<\/a><\/p>\n","protected":false},"featured_media":1248,"comment_status":"open","ping_status":"closed","template":"","meta":{"_uag_custom_page_level_css":"","site-sidebar-layout":"default","site-content-layout":"default","ast-global-header-display":"","ast-banner-title-visibility":"","ast-main-header-display":"","ast-hfb-above-header-display":"","ast-hfb-below-header-display":"","ast-hfb-mobile-header-display":"","site-post-title":"","ast-breadcrumbs-content":"","ast-featured-img":"","footer-sml-layout":"","theme-transparent-header-meta":"default","adv-header-id-meta":"","stick-header-meta":"","header-above-stick-meta":"","header-main-stick-meta":"","header-below-stick-meta":""},"product_brand":[],"product_cat":[33],"product_tag":[],"class_list":{"0":"post-1245","1":"product","2":"type-product","3":"status-publish","4":"has-post-thumbnail","6":"product_cat-aminoacidos","7":"desktop-align-left","8":"tablet-align-left","9":"mobile-align-left","11":"first","12":"instock","13":"shipping-taxable","14":"purchasable","15":"product-type-variable"},"ams_default_variation_id":0,"ams_product_points_reward":[],"ams_product_discount_percentage":0,"ams_price_to_display":580,"ams_acf":[],"uagb_featured_image_src":{"full":["https:\/\/www.musclenutrition.com.mx\/wp-content\/uploads\/2023\/08\/RYSE-BCAA.jpg",679,687,false],"thumbnail":["https:\/\/www.musclenutrition.com.mx\/wp-content\/uploads\/2023\/08\/RYSE-BCAA-150x150.jpg",150,150,true],"medium":["https:\/\/www.musclenutrition.com.mx\/wp-content\/uploads\/2023\/08\/RYSE-BCAA-297x300.jpg",297,300,true],"medium_large":["https:\/\/www.musclenutrition.com.mx\/wp-content\/uploads\/2023\/08\/RYSE-BCAA.jpg",679,687,false],"large":["https:\/\/www.musclenutrition.com.mx\/wp-content\/uploads\/2023\/08\/RYSE-BCAA.jpg",679,687,false],"1536x1536":["https:\/\/www.musclenutrition.com.mx\/wp-content\/uploads\/2023\/08\/RYSE-BCAA.jpg",679,687,false],"2048x2048":["https:\/\/www.musclenutrition.com.mx\/wp-content\/uploads\/2023\/08\/RYSE-BCAA.jpg",679,687,false],"woocommerce_thumbnail":["https:\/\/www.musclenutrition.com.mx\/wp-content\/uploads\/2023\/08\/RYSE-BCAA-300x300.jpg",300,300,true],"woocommerce_single":["https:\/\/www.musclenutrition.com.mx\/wp-content\/uploads\/2023\/08\/RYSE-BCAA-600x607.jpg",600,607,true],"woocommerce_gallery_thumbnail":["https:\/\/www.musclenutrition.com.mx\/wp-content\/uploads\/2023\/08\/RYSE-BCAA-100x100.jpg",100,100,true],"dgwt-wcas-product-suggestion":["https:\/\/www.musclenutrition.com.mx\/wp-content\/uploads\/2023\/08\/RYSE-BCAA.jpg",64,65,false]},"uagb_author_info":{"display_name":"benjaming","author_link":"https:\/\/www.musclenutrition.com.mx\/index.php\/author\/"},"uagb_comment_info":0,"uagb_excerpt":"BCAA FOCUS fue dise\u00f1ado espec\u00edficamente para ser vers\u00e1til, tiene una combinaci\u00f3n de BCAA, electrolitos y apoyo para la concentraci\u00f3n, este producto ofrece m\u00faltiples beneficios para tu estilo de vida activo. Enciende la recuperaci\u00f3n durante su entrenamiento o d\u00eda con una proporci\u00f3n de BCAA de 2: 1: 1 Disfrute de la energ\u00eda del mediod\u00eda con 80&hellip;","_links":{"self":[{"href":"https:\/\/www.musclenutrition.com.mx\/index.php\/wp-json\/wp\/v2\/product\/1245","targetHints":{"allow":["GET"]}}],"collection":[{"href":"https:\/\/www.musclenutrition.com.mx\/index.php\/wp-json\/wp\/v2\/product"}],"about":[{"href":"https:\/\/www.musclenutrition.com.mx\/index.php\/wp-json\/wp\/v2\/types\/product"}],"replies":[{"embeddable":true,"href":"https:\/\/www.musclenutrition.com.mx\/index.php\/wp-json\/wp\/v2\/comments?post=1245"}],"wp:featuredmedia":[{"embeddable":true,"href":"https:\/\/www.musclenutrition.com.mx\/index.php\/wp-json\/wp\/v2\/media\/1248"}],"wp:attachment":[{"href":"https:\/\/www.musclenutrition.com.mx\/index.php\/wp-json\/wp\/v2\/media?parent=1245"}],"wp:term":[{"taxonomy":"product_brand","embeddable":true,"href":"https:\/\/www.musclenutrition.com.mx\/index.php\/wp-json\/wp\/v2\/product_brand?post=1245"},{"taxonomy":"product_cat","embeddable":true,"href":"https:\/\/www.musclenutrition.com.mx\/index.php\/wp-json\/wp\/v2\/product_cat?post=1245"},{"taxonomy":"product_tag","embeddable":true,"href":"https:\/\/www.musclenutrition.com.mx\/index.php\/wp-json\/wp\/v2\/product_tag?post=1245"}],"curies":[{"name":"wp","href":"https:\/\/api.w.org\/{rel}","templated":true}]}}