{"id":1167,"date":"2023-08-27T15:08:57","date_gmt":"2023-08-27T15:08:57","guid":{"rendered":"https:\/\/musclenutrition.com.mx\/?post_type=product&#038;p=1167"},"modified":"2026-04-14T09:00:40","modified_gmt":"2026-04-14T15:00:40","slug":"amino-x-30-servicios","status":"publish","type":"product","link":"https:\/\/www.musclenutrition.com.mx\/index.php\/producto\/amino-x-30-servicios\/","title":{"rendered":"BSN AMINO X 30 SERVICIOS"},"content":{"rendered":"<p><strong>AMINO X<\/strong><\/p>\n<p>AMINO X est\u00e1 dise\u00f1ado para potenciar:<br \/>\nS\u00edntesis de prote\u00ednas \/ anabolismo<br \/>\nRes\u00edntesis de gluc\u00f3geno<br \/>\nSensibilidad a la insulina<br \/>\nAnti-Catabolismo \/ Reserva muscular<br \/>\nRecuperaci\u00f3n tras las sesiones de entrenamiento<br \/>\nResistencia muscular<br \/>\nResistencia a la fatiga muscular<br \/>\nLo m\u00e1s destacado de AMINO X<br \/>\nPrimer amino\u00e1cido instantanizado efervescente del mundo<br \/>\n10 g de amino\u00e1cidos micronizados anti-catab\u00f3licos por servicio!<br \/>\n0 g de az\u00facar por dosis<br \/>\n500 IU de vitamina D anab\u00f3lica por servicio<br \/>\nSin cafe\u00edna &#8211; Puede usarse en cualquier momento, d\u00eda o noche<br \/>\nSe mezcla completamente (sin grumos)<\/p>\n","protected":false},"excerpt":{"rendered":"<p>AMINO X AMINO X est\u00e1 dise\u00f1ado para potenciar: S\u00edntesis de prote\u00ednas \/ anabolismo Res\u00edntesis de gluc\u00f3geno Sensibilidad a la insulina Anti-Catabolismo \/ Reserva muscular Recuperaci\u00f3n tras las sesiones de entrenamiento Resistencia muscular Resistencia a la fatiga muscular Lo m\u00e1s destacado de AMINO X Primer amino\u00e1cido instantanizado efervescente del mundo 10 g de amino\u00e1cidos micronizados anti-catab\u00f3licos &hellip;<\/p>\n<p class=\"read-more\"> <a class=\"\" href=\"https:\/\/www.musclenutrition.com.mx\/index.php\/producto\/amino-x-30-servicios\/\"> <span class=\"screen-reader-text\">BSN AMINO X 30 SERVICIOS<\/span> Leer m\u00e1s &raquo;<\/a><\/p>\n","protected":false},"featured_media":2295,"comment_status":"open","ping_status":"closed","template":"","meta":{"_uag_custom_page_level_css":"","site-sidebar-layout":"default","site-content-layout":"default","ast-global-header-display":"","ast-banner-title-visibility":"","ast-main-header-display":"","ast-hfb-above-header-display":"","ast-hfb-below-header-display":"","ast-hfb-mobile-header-display":"","site-post-title":"","ast-breadcrumbs-content":"","ast-featured-img":"","footer-sml-layout":"","theme-transparent-header-meta":"default","adv-header-id-meta":"","stick-header-meta":"","header-above-stick-meta":"","header-main-stick-meta":"","header-below-stick-meta":""},"product_brand":[],"product_cat":[33],"product_tag":[],"class_list":{"0":"post-1167","1":"product","2":"type-product","3":"status-publish","4":"has-post-thumbnail","6":"product_cat-aminoacidos","7":"desktop-align-left","8":"tablet-align-left","9":"mobile-align-left","11":"first","12":"instock","13":"shipping-taxable","14":"purchasable","15":"product-type-variable"},"ams_default_variation_id":0,"ams_product_points_reward":[],"ams_product_discount_percentage":0,"ams_price_to_display":490,"ams_acf":[],"uagb_featured_image_src":{"full":["https:\/\/www.musclenutrition.com.mx\/wp-content\/uploads\/2023\/08\/amino-x-mora.webp",612,612,false],"thumbnail":["https:\/\/www.musclenutrition.com.mx\/wp-content\/uploads\/2023\/08\/amino-x-mora-150x150.webp",150,150,true],"medium":["https:\/\/www.musclenutrition.com.mx\/wp-content\/uploads\/2023\/08\/amino-x-mora-300x300.webp",300,300,true],"medium_large":["https:\/\/www.musclenutrition.com.mx\/wp-content\/uploads\/2023\/08\/amino-x-mora.webp",612,612,false],"large":["https:\/\/www.musclenutrition.com.mx\/wp-content\/uploads\/2023\/08\/amino-x-mora.webp",612,612,false],"1536x1536":["https:\/\/www.musclenutrition.com.mx\/wp-content\/uploads\/2023\/08\/amino-x-mora.webp",612,612,false],"2048x2048":["https:\/\/www.musclenutrition.com.mx\/wp-content\/uploads\/2023\/08\/amino-x-mora.webp",612,612,false],"woocommerce_thumbnail":["https:\/\/www.musclenutrition.com.mx\/wp-content\/uploads\/2023\/08\/amino-x-mora-300x300.webp",300,300,true],"woocommerce_single":["https:\/\/www.musclenutrition.com.mx\/wp-content\/uploads\/2023\/08\/amino-x-mora-600x600.webp",600,600,true],"woocommerce_gallery_thumbnail":["https:\/\/www.musclenutrition.com.mx\/wp-content\/uploads\/2023\/08\/amino-x-mora-100x100.webp",100,100,true],"dgwt-wcas-product-suggestion":["https:\/\/www.musclenutrition.com.mx\/wp-content\/uploads\/2023\/08\/amino-x-mora-64x64.webp",64,64,true]},"uagb_author_info":{"display_name":"benjaming","author_link":"https:\/\/www.musclenutrition.com.mx\/index.php\/author\/"},"uagb_comment_info":0,"uagb_excerpt":"AMINO X AMINO X est\u00e1 dise\u00f1ado para potenciar: S\u00edntesis de prote\u00ednas \/ anabolismo Res\u00edntesis de gluc\u00f3geno Sensibilidad a la insulina Anti-Catabolismo \/ Reserva muscular Recuperaci\u00f3n tras las sesiones de entrenamiento Resistencia muscular Resistencia a la fatiga muscular Lo m\u00e1s destacado de AMINO X Primer amino\u00e1cido instantanizado efervescente del mundo 10 g de amino\u00e1cidos micronizados anti-catab\u00f3licos&hellip;","_links":{"self":[{"href":"https:\/\/www.musclenutrition.com.mx\/index.php\/wp-json\/wp\/v2\/product\/1167","targetHints":{"allow":["GET"]}}],"collection":[{"href":"https:\/\/www.musclenutrition.com.mx\/index.php\/wp-json\/wp\/v2\/product"}],"about":[{"href":"https:\/\/www.musclenutrition.com.mx\/index.php\/wp-json\/wp\/v2\/types\/product"}],"replies":[{"embeddable":true,"href":"https:\/\/www.musclenutrition.com.mx\/index.php\/wp-json\/wp\/v2\/comments?post=1167"}],"wp:featuredmedia":[{"embeddable":true,"href":"https:\/\/www.musclenutrition.com.mx\/index.php\/wp-json\/wp\/v2\/media\/2295"}],"wp:attachment":[{"href":"https:\/\/www.musclenutrition.com.mx\/index.php\/wp-json\/wp\/v2\/media?parent=1167"}],"wp:term":[{"taxonomy":"product_brand","embeddable":true,"href":"https:\/\/www.musclenutrition.com.mx\/index.php\/wp-json\/wp\/v2\/product_brand?post=1167"},{"taxonomy":"product_cat","embeddable":true,"href":"https:\/\/www.musclenutrition.com.mx\/index.php\/wp-json\/wp\/v2\/product_cat?post=1167"},{"taxonomy":"product_tag","embeddable":true,"href":"https:\/\/www.musclenutrition.com.mx\/index.php\/wp-json\/wp\/v2\/product_tag?post=1167"}],"curies":[{"name":"wp","href":"https:\/\/api.w.org\/{rel}","templated":true}]}}