{"id":1112,"date":"2023-08-27T14:43:41","date_gmt":"2023-08-27T14:43:41","guid":{"rendered":"https:\/\/musclenutrition.com.mx\/?post_type=product&#038;p=1112"},"modified":"2026-04-08T16:16:23","modified_gmt":"2026-04-08T22:16:23","slug":"nitro-tech-whey-gold","status":"publish","type":"product","link":"https:\/\/www.musclenutrition.com.mx\/index.php\/producto\/nitro-tech-whey-gold\/","title":{"rendered":"NITRO TECH WHEY GOLD"},"content":{"rendered":"<p><strong>NITRO TECH WHEY GOLD<\/strong><\/p>\n<p>Presentamos NITRO-TECH\u00ae 100% WHEY GOLD &#8211; una f\u00f3rmula de prote\u00edna pura con p\u00e9ptidos de suero de leche y aislados.<\/p>\n<p>Los investigadores de MuscleTech\u00ae revisaron numerosos ensayos cl\u00ednicos sobre p\u00e9ptidos de suero, y los resultados muestran que los p\u00e9ptidos de suero de leche pueden promover una recuperaci\u00f3n r\u00e1pida del ejercicio e incluso apoyar una respuesta insulin\u00f3gena para una mejor administraci\u00f3n de nutrientes.<\/p>\n<p>Esto significa que usted est\u00e1 recibiendo una prote\u00edna ultra-pura, la cual es r\u00e1pidamente absorbida y digerida, permitiendole recuperarse m\u00e1s r\u00e1pido, construir m\u00e1s masa muscular magra y obtener mejores resultados de sus sesiones de entrenamiento. Adem\u00e1s, los p\u00e9ptidos de suero de leche tienen uno de los valores biol\u00f3gicos m\u00e1s altos (BV) que cualquier fuente de prote\u00ednas, un valor dado a las fuentes de prote\u00ednas.<\/p>\n","protected":false},"excerpt":{"rendered":"<p>NITRO TECH WHEY GOLD Presentamos NITRO-TECH\u00ae 100% WHEY GOLD &#8211; una f\u00f3rmula de prote\u00edna pura con p\u00e9ptidos de suero de leche y aislados. Los investigadores de MuscleTech\u00ae revisaron numerosos ensayos cl\u00ednicos sobre p\u00e9ptidos de suero, y los resultados muestran que los p\u00e9ptidos de suero de leche pueden promover una recuperaci\u00f3n r\u00e1pida del ejercicio e incluso &hellip;<\/p>\n<p class=\"read-more\"> <a class=\"\" href=\"https:\/\/www.musclenutrition.com.mx\/index.php\/producto\/nitro-tech-whey-gold\/\"> <span class=\"screen-reader-text\">NITRO TECH WHEY GOLD<\/span> Leer m\u00e1s &raquo;<\/a><\/p>\n","protected":false},"featured_media":2024,"comment_status":"open","ping_status":"closed","template":"","meta":{"_uag_custom_page_level_css":"","site-sidebar-layout":"default","site-content-layout":"default","ast-global-header-display":"","ast-banner-title-visibility":"","ast-main-header-display":"","ast-hfb-above-header-display":"","ast-hfb-below-header-display":"","ast-hfb-mobile-header-display":"","site-post-title":"","ast-breadcrumbs-content":"","ast-featured-img":"","footer-sml-layout":"","theme-transparent-header-meta":"default","adv-header-id-meta":"","stick-header-meta":"","header-above-stick-meta":"","header-main-stick-meta":"","header-below-stick-meta":""},"product_brand":[],"product_cat":[27],"product_tag":[],"class_list":{"0":"post-1112","1":"product","2":"type-product","3":"status-publish","4":"has-post-thumbnail","6":"product_cat-proteina","7":"desktop-align-left","8":"tablet-align-left","9":"mobile-align-left","11":"first","12":"instock","13":"shipping-taxable","14":"purchasable","15":"product-type-variable"},"ams_default_variation_id":0,"ams_product_points_reward":[],"ams_product_discount_percentage":0,"ams_price_to_display":1180,"ams_acf":[],"uagb_featured_image_src":{"full":["https:\/\/www.musclenutrition.com.mx\/wp-content\/uploads\/2023\/08\/915f3c80-7f92-4f53-b3fd-92e5c8f305d4.jpg",800,800,false],"thumbnail":["https:\/\/www.musclenutrition.com.mx\/wp-content\/uploads\/2023\/08\/915f3c80-7f92-4f53-b3fd-92e5c8f305d4-150x150.jpg",150,150,true],"medium":["https:\/\/www.musclenutrition.com.mx\/wp-content\/uploads\/2023\/08\/915f3c80-7f92-4f53-b3fd-92e5c8f305d4-300x300.jpg",300,300,true],"medium_large":["https:\/\/www.musclenutrition.com.mx\/wp-content\/uploads\/2023\/08\/915f3c80-7f92-4f53-b3fd-92e5c8f305d4-768x768.jpg",768,768,true],"large":["https:\/\/www.musclenutrition.com.mx\/wp-content\/uploads\/2023\/08\/915f3c80-7f92-4f53-b3fd-92e5c8f305d4.jpg",800,800,false],"1536x1536":["https:\/\/www.musclenutrition.com.mx\/wp-content\/uploads\/2023\/08\/915f3c80-7f92-4f53-b3fd-92e5c8f305d4.jpg",800,800,false],"2048x2048":["https:\/\/www.musclenutrition.com.mx\/wp-content\/uploads\/2023\/08\/915f3c80-7f92-4f53-b3fd-92e5c8f305d4.jpg",800,800,false],"woocommerce_thumbnail":["https:\/\/www.musclenutrition.com.mx\/wp-content\/uploads\/2023\/08\/915f3c80-7f92-4f53-b3fd-92e5c8f305d4-300x300.jpg",300,300,true],"woocommerce_single":["https:\/\/www.musclenutrition.com.mx\/wp-content\/uploads\/2023\/08\/915f3c80-7f92-4f53-b3fd-92e5c8f305d4-600x600.jpg",600,600,true],"woocommerce_gallery_thumbnail":["https:\/\/www.musclenutrition.com.mx\/wp-content\/uploads\/2023\/08\/915f3c80-7f92-4f53-b3fd-92e5c8f305d4-100x100.jpg",100,100,true],"dgwt-wcas-product-suggestion":["https:\/\/www.musclenutrition.com.mx\/wp-content\/uploads\/2023\/08\/915f3c80-7f92-4f53-b3fd-92e5c8f305d4-64x64.jpg",64,64,true]},"uagb_author_info":{"display_name":"benjaming","author_link":"https:\/\/www.musclenutrition.com.mx\/index.php\/author\/"},"uagb_comment_info":0,"uagb_excerpt":"NITRO TECH WHEY GOLD Presentamos NITRO-TECH\u00ae 100% WHEY GOLD &#8211; una f\u00f3rmula de prote\u00edna pura con p\u00e9ptidos de suero de leche y aislados. Los investigadores de MuscleTech\u00ae revisaron numerosos ensayos cl\u00ednicos sobre p\u00e9ptidos de suero, y los resultados muestran que los p\u00e9ptidos de suero de leche pueden promover una recuperaci\u00f3n r\u00e1pida del ejercicio e incluso&hellip;","_links":{"self":[{"href":"https:\/\/www.musclenutrition.com.mx\/index.php\/wp-json\/wp\/v2\/product\/1112","targetHints":{"allow":["GET"]}}],"collection":[{"href":"https:\/\/www.musclenutrition.com.mx\/index.php\/wp-json\/wp\/v2\/product"}],"about":[{"href":"https:\/\/www.musclenutrition.com.mx\/index.php\/wp-json\/wp\/v2\/types\/product"}],"replies":[{"embeddable":true,"href":"https:\/\/www.musclenutrition.com.mx\/index.php\/wp-json\/wp\/v2\/comments?post=1112"}],"wp:featuredmedia":[{"embeddable":true,"href":"https:\/\/www.musclenutrition.com.mx\/index.php\/wp-json\/wp\/v2\/media\/2024"}],"wp:attachment":[{"href":"https:\/\/www.musclenutrition.com.mx\/index.php\/wp-json\/wp\/v2\/media?parent=1112"}],"wp:term":[{"taxonomy":"product_brand","embeddable":true,"href":"https:\/\/www.musclenutrition.com.mx\/index.php\/wp-json\/wp\/v2\/product_brand?post=1112"},{"taxonomy":"product_cat","embeddable":true,"href":"https:\/\/www.musclenutrition.com.mx\/index.php\/wp-json\/wp\/v2\/product_cat?post=1112"},{"taxonomy":"product_tag","embeddable":true,"href":"https:\/\/www.musclenutrition.com.mx\/index.php\/wp-json\/wp\/v2\/product_tag?post=1112"}],"curies":[{"name":"wp","href":"https:\/\/api.w.org\/{rel}","templated":true}]}}