{"id":1024,"date":"2023-08-06T01:28:14","date_gmt":"2023-08-06T01:28:14","guid":{"rendered":"https:\/\/musclenutrition.com.mx\/?post_type=product&#038;p=1024"},"modified":"2026-03-09T18:46:17","modified_gmt":"2026-03-10T00:46:17","slug":"hydrotein-5-lbs","status":"publish","type":"product","link":"https:\/\/www.musclenutrition.com.mx\/index.php\/producto\/hydrotein-5-lbs\/","title":{"rendered":"HYDROTEIN 5 LBS"},"content":{"rendered":"<p><strong>HYDROTEIN<\/strong><\/p>\n<p>Hydrotein es la f\u00f3rmula de prote\u00ednas m\u00e1s r\u00e1pida, pura y avanzada. Con la prote\u00edna hidrolizada se ha conseguido en la f\u00f3rmula de prote\u00edna de suero de leche de m\u00e1s r\u00e1pida asimilaci\u00f3n del mercado.<br \/>\nAl combinar los mejores ingredientes con las t\u00e9cnicas de procesamiento m\u00e1s avanzadas, ADVANCE NUTRITION ha conseguido crear la f\u00f3rmula de prote\u00ednas m\u00e1s valiosa. HYDROTEIN ha sido dise\u00f1ada espec\u00edficamente para funcionar en el gimnasio, despues de nadar, correr,ciclismo, futbol, basquetbol, o al termino de cualquier actividad deportiva, siendo de f\u00e1cil disoluci\u00f3n en el shaker.<br \/>\nEl proceso de hidrolizaci\u00f3n hace que sea posible fraccionar las partes mas grandes de prote\u00edna en otras de tama\u00f1o mucho m\u00e1s reducido, haciendola capaz de ser absorvida por el organismo r\u00e1pidamente, provocando un r\u00e1pido desarrollo muscular.<br \/>\nHYDROTEIN cuenta con enzimas digestivas para mejorar la asimilaci\u00f3n 5 gr BCAA\u00b4s micronizados y 5 gr glutamina.<br \/>\nAdem\u00e1s de r\u00e1pida,HYDROTEIN es una prote\u00edna de una pureza inigualable. Est\u00e1 hecha de 100% hidrolizado de prote\u00edna de suero aislada. Con lo cual no hay exceso de grasa, colesterol o lactosa que puedan frenar tu crecimiento muscular.<br \/>\nCaracteristicas de HYDROTEIN:<br \/>\nEst\u00e1 fabricada con Hidrolizado de a\u00edslado de suero que mejora su asimilaci\u00f3n.<br \/>\nTiene 23 gr de prote\u00edna por servicio.<br \/>\nContiene 5 gr de BCAA\u2019s y 5 gr glutamina.<br \/>\nNo tiene lactosa, colesterol ni tampoco az\u00facar.<br \/>\nContiene encimas digestivas para mejorar su absorci\u00f3n.<br \/>\nSe mezcla de forma instant\u00e1nea.<\/p>\n","protected":false},"excerpt":{"rendered":"<p>HYDROTEIN Hydrotein es la f\u00f3rmula de prote\u00ednas m\u00e1s r\u00e1pida, pura y avanzada. Con la prote\u00edna hidrolizada se ha conseguido en la f\u00f3rmula de prote\u00edna de suero de leche de m\u00e1s r\u00e1pida asimilaci\u00f3n del mercado. Al combinar los mejores ingredientes con las t\u00e9cnicas de procesamiento m\u00e1s avanzadas, ADVANCE NUTRITION ha conseguido crear la f\u00f3rmula de prote\u00ednas &hellip;<\/p>\n<p class=\"read-more\"> <a class=\"\" href=\"https:\/\/www.musclenutrition.com.mx\/index.php\/producto\/hydrotein-5-lbs\/\"> <span class=\"screen-reader-text\">HYDROTEIN 5 LBS<\/span> Leer m\u00e1s &raquo;<\/a><\/p>\n","protected":false},"featured_media":2538,"comment_status":"open","ping_status":"closed","template":"","meta":{"_uag_custom_page_level_css":"","site-sidebar-layout":"default","site-content-layout":"default","ast-global-header-display":"","ast-banner-title-visibility":"","ast-main-header-display":"","ast-hfb-above-header-display":"","ast-hfb-below-header-display":"","ast-hfb-mobile-header-display":"","site-post-title":"","ast-breadcrumbs-content":"","ast-featured-img":"","footer-sml-layout":"","theme-transparent-header-meta":"default","adv-header-id-meta":"","stick-header-meta":"","header-above-stick-meta":"","header-main-stick-meta":"","header-below-stick-meta":""},"product_brand":[],"product_cat":[27],"product_tag":[],"class_list":{"0":"post-1024","1":"product","2":"type-product","3":"status-publish","4":"has-post-thumbnail","6":"product_cat-proteina","7":"desktop-align-left","8":"tablet-align-left","9":"mobile-align-left","11":"first","12":"outofstock","13":"shipping-taxable","14":"purchasable","15":"product-type-variable"},"ams_default_variation_id":0,"ams_product_points_reward":[],"ams_product_discount_percentage":0,"ams_price_to_display":950,"ams_acf":[],"uagb_featured_image_src":{"full":["https:\/\/www.musclenutrition.com.mx\/wp-content\/uploads\/2023\/08\/hydroteinnueva2.png",567,736,false],"thumbnail":["https:\/\/www.musclenutrition.com.mx\/wp-content\/uploads\/2023\/08\/hydroteinnueva2-150x150.png",150,150,true],"medium":["https:\/\/www.musclenutrition.com.mx\/wp-content\/uploads\/2023\/08\/hydroteinnueva2-231x300.png",231,300,true],"medium_large":["https:\/\/www.musclenutrition.com.mx\/wp-content\/uploads\/2023\/08\/hydroteinnueva2.png",567,736,false],"large":["https:\/\/www.musclenutrition.com.mx\/wp-content\/uploads\/2023\/08\/hydroteinnueva2.png",567,736,false],"1536x1536":["https:\/\/www.musclenutrition.com.mx\/wp-content\/uploads\/2023\/08\/hydroteinnueva2.png",567,736,false],"2048x2048":["https:\/\/www.musclenutrition.com.mx\/wp-content\/uploads\/2023\/08\/hydroteinnueva2.png",567,736,false],"woocommerce_thumbnail":["https:\/\/www.musclenutrition.com.mx\/wp-content\/uploads\/2023\/08\/hydroteinnueva2-300x300.png",300,300,true],"woocommerce_single":["https:\/\/www.musclenutrition.com.mx\/wp-content\/uploads\/2023\/08\/hydroteinnueva2.png",567,736,false],"woocommerce_gallery_thumbnail":["https:\/\/www.musclenutrition.com.mx\/wp-content\/uploads\/2023\/08\/hydroteinnueva2-100x100.png",100,100,true],"dgwt-wcas-product-suggestion":["https:\/\/www.musclenutrition.com.mx\/wp-content\/uploads\/2023\/08\/hydroteinnueva2-64x83.png",64,83,true]},"uagb_author_info":{"display_name":"benjaming","author_link":"https:\/\/www.musclenutrition.com.mx\/index.php\/author\/"},"uagb_comment_info":0,"uagb_excerpt":"HYDROTEIN Hydrotein es la f\u00f3rmula de prote\u00ednas m\u00e1s r\u00e1pida, pura y avanzada. Con la prote\u00edna hidrolizada se ha conseguido en la f\u00f3rmula de prote\u00edna de suero de leche de m\u00e1s r\u00e1pida asimilaci\u00f3n del mercado. Al combinar los mejores ingredientes con las t\u00e9cnicas de procesamiento m\u00e1s avanzadas, ADVANCE NUTRITION ha conseguido crear la f\u00f3rmula de prote\u00ednas&hellip;","_links":{"self":[{"href":"https:\/\/www.musclenutrition.com.mx\/index.php\/wp-json\/wp\/v2\/product\/1024","targetHints":{"allow":["GET"]}}],"collection":[{"href":"https:\/\/www.musclenutrition.com.mx\/index.php\/wp-json\/wp\/v2\/product"}],"about":[{"href":"https:\/\/www.musclenutrition.com.mx\/index.php\/wp-json\/wp\/v2\/types\/product"}],"replies":[{"embeddable":true,"href":"https:\/\/www.musclenutrition.com.mx\/index.php\/wp-json\/wp\/v2\/comments?post=1024"}],"wp:featuredmedia":[{"embeddable":true,"href":"https:\/\/www.musclenutrition.com.mx\/index.php\/wp-json\/wp\/v2\/media\/2538"}],"wp:attachment":[{"href":"https:\/\/www.musclenutrition.com.mx\/index.php\/wp-json\/wp\/v2\/media?parent=1024"}],"wp:term":[{"taxonomy":"product_brand","embeddable":true,"href":"https:\/\/www.musclenutrition.com.mx\/index.php\/wp-json\/wp\/v2\/product_brand?post=1024"},{"taxonomy":"product_cat","embeddable":true,"href":"https:\/\/www.musclenutrition.com.mx\/index.php\/wp-json\/wp\/v2\/product_cat?post=1024"},{"taxonomy":"product_tag","embeddable":true,"href":"https:\/\/www.musclenutrition.com.mx\/index.php\/wp-json\/wp\/v2\/product_tag?post=1024"}],"curies":[{"name":"wp","href":"https:\/\/api.w.org\/{rel}","templated":true}]}}